{"id":2591,"date":"2026-03-12T00:06:26","date_gmt":"2026-03-11T23:06:26","guid":{"rendered":"http:\/\/antiquariat-steinbach.com\/rarebooks\/produkt\/das-deutschtum-in-den-vereinigten-staaten-in-seiner-geschichtlichen-entwicklung\/"},"modified":"2026-03-12T00:06:28","modified_gmt":"2026-03-11T23:06:28","slug":"faust-albert-b-das-deutschtum-in-den-vereinigten-staaten-in-seiner-geschichtlichen-entwicklung","status":"publish","type":"product","link":"https:\/\/antiquariat-steinbach.com\/rarebooks\/produkt\/faust-albert-b-das-deutschtum-in-den-vereinigten-staaten-in-seiner-geschichtlichen-entwicklung\/","title":{"rendered":"Faust, Albert B: &#8211;  Das Deutschtum in den Vereinigten Staaten in seiner geschichtlichen Entwicklung."},"content":{"rendered":"<p>Leipzig, Teubner 1912.<\/p>\n<p>Berechtigte deutsche Ausgabe. 23,5 : 16,5 cm. VIII, 504 Seiten, 2 Blatt mit 1 Tafel und mehreren Karten. Original-Leinenband.<\/p>\n<p>40,00 EUR<\/p>\n","protected":false},"excerpt":{"rendered":"<p>Erste deutsche Ausgabe des historischen Teils dieser detaillierten und faktenreichen Arbeit. Der Leser erf\u00e4hrt alles von den ersten Deutschen in den anglo-amerikansichen Kolonien, die Deutschen in den verschiedenen Staaten wiePennsylvanien, Maryland, Virginia, Nord- und S\u00fcd-Carolina, \u00fcber die Gewinnung des Westens, bis zum deutschen Element in den Kriegen der Vereinigten Staaten w\u00e4hrend des 19. Jahhunderts.<\/p>\n","protected":false},"featured_media":27699,"template":"","meta":[],"product_brand":[],"product_cat":[128,59,914],"product_tag":[],"class_list":{"0":"post-2591","1":"product","2":"type-product","3":"status-publish","4":"has-post-thumbnail","6":"product_cat-amerika","7":"product_cat-kulturgeschichte","8":"product_cat-zvab","10":"first","11":"instock","12":"purchasable","13":"product-type-simple"},"_links":{"self":[{"href":"https:\/\/antiquariat-steinbach.com\/rarebooks\/wp-json\/wp\/v2\/product\/2591","targetHints":{"allow":["GET"]}}],"collection":[{"href":"https:\/\/antiquariat-steinbach.com\/rarebooks\/wp-json\/wp\/v2\/product"}],"about":[{"href":"https:\/\/antiquariat-steinbach.com\/rarebooks\/wp-json\/wp\/v2\/types\/product"}],"version-history":[{"count":4,"href":"https:\/\/antiquariat-steinbach.com\/rarebooks\/wp-json\/wp\/v2\/product\/2591\/revisions"}],"predecessor-version":[{"id":27698,"href":"https:\/\/antiquariat-steinbach.com\/rarebooks\/wp-json\/wp\/v2\/product\/2591\/revisions\/27698"}],"wp:featuredmedia":[{"embeddable":true,"href":"https:\/\/antiquariat-steinbach.com\/rarebooks\/wp-json\/wp\/v2\/media\/27699"}],"wp:attachment":[{"href":"https:\/\/antiquariat-steinbach.com\/rarebooks\/wp-json\/wp\/v2\/media?parent=2591"}],"wp:term":[{"taxonomy":"product_brand","embeddable":true,"href":"https:\/\/antiquariat-steinbach.com\/rarebooks\/wp-json\/wp\/v2\/product_brand?post=2591"},{"taxonomy":"product_cat","embeddable":true,"href":"https:\/\/antiquariat-steinbach.com\/rarebooks\/wp-json\/wp\/v2\/product_cat?post=2591"},{"taxonomy":"product_tag","embeddable":true,"href":"https:\/\/antiquariat-steinbach.com\/rarebooks\/wp-json\/wp\/v2\/product_tag?post=2591"}],"curies":[{"name":"wp","href":"https:\/\/api.w.org\/{rel}","templated":true}]}}