{"id":25803,"date":"2026-03-12T00:18:05","date_gmt":"2026-03-11T23:18:05","guid":{"rendered":"https:\/\/antiquariat-steinbach.com\/rarebooks\/produkt\/music-kipper-hermann-composer-neger-staendchen-komische-terze-fuer-drei-maennerstimmen-mit-begleitung-des-pianoforte\/"},"modified":"2026-03-12T00:18:05","modified_gmt":"2026-03-11T23:18:05","slug":"music-kipper-hermann-composer-neger-staendchen-komische-terze-fuer-drei-maennerstimmen-mit-begleitung-des-pianoforte","status":"publish","type":"product","link":"https:\/\/antiquariat-steinbach.com\/rarebooks\/produkt\/music-kipper-hermann-composer-neger-staendchen-komische-terze-fuer-drei-maennerstimmen-mit-begleitung-des-pianoforte\/","title":{"rendered":"Music &#8211;   Kipper, Hermann, composer. &#8211;  Neger-St\u00e4ndchen. Komische Terze f\u00fcr drei M\u00e4nnerstimmen, mit Begleitung des Pianoforte."},"content":{"rendered":"<p>C\u00f6ln, London, Weber, Schott, ca. 1902<\/p>\n<p>32,5 : 26 cm. 7 pages music sheets. Illustrated original wrappers.<\/p>\n<p>30,00 EUR<\/p>\n","protected":false},"excerpt":{"rendered":"<p>C\u00f6ln, London, Weber, Schott, ca. 1902 32,5 : 26 cm. 7 pages music sheets. Illustrated original wrappers. 30,00 EUR<\/p>\n","protected":false},"featured_media":25804,"template":"","meta":[],"product_brand":[],"product_cat":[124,144,914],"product_tag":[],"class_list":{"0":"post-25803","1":"product","2":"type-product","3":"status-publish","4":"has-post-thumbnail","6":"product_cat-americana","7":"product_cat-musik","8":"product_cat-zvab","10":"first","11":"instock","12":"purchasable","13":"product-type-simple"},"_links":{"self":[{"href":"https:\/\/antiquariat-steinbach.com\/rarebooks\/wp-json\/wp\/v2\/product\/25803","targetHints":{"allow":["GET"]}}],"collection":[{"href":"https:\/\/antiquariat-steinbach.com\/rarebooks\/wp-json\/wp\/v2\/product"}],"about":[{"href":"https:\/\/antiquariat-steinbach.com\/rarebooks\/wp-json\/wp\/v2\/types\/product"}],"version-history":[{"count":1,"href":"https:\/\/antiquariat-steinbach.com\/rarebooks\/wp-json\/wp\/v2\/product\/25803\/revisions"}],"predecessor-version":[{"id":27868,"href":"https:\/\/antiquariat-steinbach.com\/rarebooks\/wp-json\/wp\/v2\/product\/25803\/revisions\/27868"}],"wp:featuredmedia":[{"embeddable":true,"href":"https:\/\/antiquariat-steinbach.com\/rarebooks\/wp-json\/wp\/v2\/media\/25804"}],"wp:attachment":[{"href":"https:\/\/antiquariat-steinbach.com\/rarebooks\/wp-json\/wp\/v2\/media?parent=25803"}],"wp:term":[{"taxonomy":"product_brand","embeddable":true,"href":"https:\/\/antiquariat-steinbach.com\/rarebooks\/wp-json\/wp\/v2\/product_brand?post=25803"},{"taxonomy":"product_cat","embeddable":true,"href":"https:\/\/antiquariat-steinbach.com\/rarebooks\/wp-json\/wp\/v2\/product_cat?post=25803"},{"taxonomy":"product_tag","embeddable":true,"href":"https:\/\/antiquariat-steinbach.com\/rarebooks\/wp-json\/wp\/v2\/product_tag?post=25803"}],"curies":[{"name":"wp","href":"https:\/\/api.w.org\/{rel}","templated":true}]}}