{"id":25779,"date":"2026-03-12T00:26:29","date_gmt":"2026-03-11T23:26:29","guid":{"rendered":"https:\/\/antiquariat-steinbach.com\/rarebooks\/produkt\/wehrlin-hoelderlin-gedichte\/"},"modified":"2026-03-12T00:26:31","modified_gmt":"2026-03-11T23:26:31","slug":"wehrlin-hoelderlin-gedichte","status":"publish","type":"product","link":"https:\/\/antiquariat-steinbach.com\/rarebooks\/produkt\/wehrlin-hoelderlin-gedichte\/","title":{"rendered":"Wehrlin &#8211;   H\u00f6lderlin. &#8211;  Gedichte."},"content":{"rendered":"<p>Z\u00fcrich, Arcade Presse, 1963.<\/p>\n<p>31 : 22 cm. Doppelblatt mit einer Original- Farblithographie von Robert Wherlin<\/p>\n<p>25,00 EUR<\/p>\n","protected":false},"excerpt":{"rendered":"<p>Ank\u00fcndigungsprospekt f\u00fcr H\u00f6lderlin&#8217;s Gedichte mit den Lithographien von Robert Wehrlin.<\/p>\n","protected":false},"featured_media":25781,"template":"","meta":[],"product_brand":[],"product_cat":[43,46,76,831,914],"product_tag":[],"class_list":{"0":"post-25779","1":"product","2":"type-product","3":"status-publish","4":"has-post-thumbnail","6":"product_cat-illustrierte-buecher","7":"product_cat-pressendrucke","8":"product_cat-schweiz","9":"product_cat-verlagswesen","10":"product_cat-zvab","12":"first","13":"instock","14":"purchasable","15":"product-type-simple"},"_links":{"self":[{"href":"https:\/\/antiquariat-steinbach.com\/rarebooks\/wp-json\/wp\/v2\/product\/25779","targetHints":{"allow":["GET"]}}],"collection":[{"href":"https:\/\/antiquariat-steinbach.com\/rarebooks\/wp-json\/wp\/v2\/product"}],"about":[{"href":"https:\/\/antiquariat-steinbach.com\/rarebooks\/wp-json\/wp\/v2\/types\/product"}],"version-history":[{"count":1,"href":"https:\/\/antiquariat-steinbach.com\/rarebooks\/wp-json\/wp\/v2\/product\/25779\/revisions"}],"predecessor-version":[{"id":25780,"href":"https:\/\/antiquariat-steinbach.com\/rarebooks\/wp-json\/wp\/v2\/product\/25779\/revisions\/25780"}],"wp:featuredmedia":[{"embeddable":true,"href":"https:\/\/antiquariat-steinbach.com\/rarebooks\/wp-json\/wp\/v2\/media\/25781"}],"wp:attachment":[{"href":"https:\/\/antiquariat-steinbach.com\/rarebooks\/wp-json\/wp\/v2\/media?parent=25779"}],"wp:term":[{"taxonomy":"product_brand","embeddable":true,"href":"https:\/\/antiquariat-steinbach.com\/rarebooks\/wp-json\/wp\/v2\/product_brand?post=25779"},{"taxonomy":"product_cat","embeddable":true,"href":"https:\/\/antiquariat-steinbach.com\/rarebooks\/wp-json\/wp\/v2\/product_cat?post=25779"},{"taxonomy":"product_tag","embeddable":true,"href":"https:\/\/antiquariat-steinbach.com\/rarebooks\/wp-json\/wp\/v2\/product_tag?post=25779"}],"curies":[{"name":"wp","href":"https:\/\/api.w.org\/{rel}","templated":true}]}}