{"id":25750,"date":"2026-03-12T00:22:12","date_gmt":"2026-03-11T23:22:12","guid":{"rendered":"https:\/\/antiquariat-steinbach.com\/rarebooks\/produkt\/schlueter-dr-dr-maas-naturwissenschaftliche-lehrmittel\/"},"modified":"2026-03-12T00:22:13","modified_gmt":"2026-03-11T23:22:13","slug":"schlueter-dr-dr-maas-naturwissenschaftliche-lehrmittel","status":"publish","type":"product","link":"https:\/\/antiquariat-steinbach.com\/rarebooks\/produkt\/schlueter-dr-dr-maas-naturwissenschaftliche-lehrmittel\/","title":{"rendered":"Schl\u00fcter, Dr. &#038;  Dr. Maas. &#8211;  Naturwissenschaftliche Lehrmittel."},"content":{"rendered":"<p>Halle, Schl\u00fcter &#038;  Maas, ca. 1910.<\/p>\n<p>30,5 : 45 cm 7 Tafeln mit sehr vielen montierten und getrockneten Gr\u00e4\u00dfern, Pflanzen, Moosen und Lauben. Auf Karton montiert und mit Plexiglas-Deckel als Schutz.<\/p>\n<p>350,00 EUR<\/p>\n","protected":false},"excerpt":{"rendered":"<p>Schl\u00fcter (1881 &#8211; Halle &#8211; 1944) war ein Sohn des Naturalienh\u00e4ndlers und Unternehmers Wilhelm Schl\u00fcter. 1911 wurde er in Leipzig zum Dr. phil. promoviert.[4] In diesem Jahr trat er anstelle seines Bruders Willi Schl\u00fcter, der sich aus gesundheitlichen Gr\u00fcnden ins Privatleben zur\u00fcckziehen musste, als Teilhaber in die v\u00e4terliche Firma Wilhelm Schl\u00fcter, Naturwissenschaftliches Institut in Halle ein und wurde deren wissenschaftlicher Leiter. Die Firma wurde 1924 in Naturwissenschaftliche Lehrmittel-Anstalt von Dr. Schl\u00fcter und Dr. Ma\u00df umbenannt, nachdem ihr Teilhaber Otto Ma\u00df zum Dr. phil. nat. h. c. ernannt worden war. Die Firma besch\u00e4ftigte sich mit der Einrichtung von Universit\u00e4ten und Lehranstalten im In- und Ausland in den Bereichen der Anthropologie, Botanik, Chemie, Mikroskopie, Mineralogie, Zoologie und des Lichtbildwesens. &#8211;  Vorhanden sind folgende Tafeln: Hochmoorpflanzen &#8211; Flachmoorpflanzen &#8211; Futter- oder S\u00fc\u00dfgr\u00e4ser der Wiese &#8211; Sauergr\u00e4ser &#8211; Laub- und Lebermoose &#8211; AYckerunkr\u00e4uter &#8211; Flachmoorpflanzen &#8211; Schttenpflanzen des Laubwaldes. Die einzelnen Pflanzen jeweisl mit der deutschen und lateinischen Bezeichnung versehen. Die getrockneten Pflanzen, meist sehr gut erhalten. &#8211; Die Montierung teilsweise etwas gel\u00f6st und angestaubt. &#8211; Selten.<\/p>\n","protected":false},"featured_media":25752,"template":"","meta":[],"product_brand":[],"product_cat":[37,991,182,914],"product_tag":[],"class_list":{"0":"post-25750","1":"product","2":"type-product","3":"status-publish","4":"has-post-thumbnail","6":"product_cat-botanik","7":"product_cat-herbarium","8":"product_cat-paedagogik","9":"product_cat-zvab","11":"first","12":"instock","13":"purchasable","14":"product-type-simple"},"_links":{"self":[{"href":"https:\/\/antiquariat-steinbach.com\/rarebooks\/wp-json\/wp\/v2\/product\/25750","targetHints":{"allow":["GET"]}}],"collection":[{"href":"https:\/\/antiquariat-steinbach.com\/rarebooks\/wp-json\/wp\/v2\/product"}],"about":[{"href":"https:\/\/antiquariat-steinbach.com\/rarebooks\/wp-json\/wp\/v2\/types\/product"}],"version-history":[{"count":1,"href":"https:\/\/antiquariat-steinbach.com\/rarebooks\/wp-json\/wp\/v2\/product\/25750\/revisions"}],"predecessor-version":[{"id":25751,"href":"https:\/\/antiquariat-steinbach.com\/rarebooks\/wp-json\/wp\/v2\/product\/25750\/revisions\/25751"}],"wp:featuredmedia":[{"embeddable":true,"href":"https:\/\/antiquariat-steinbach.com\/rarebooks\/wp-json\/wp\/v2\/media\/25752"}],"wp:attachment":[{"href":"https:\/\/antiquariat-steinbach.com\/rarebooks\/wp-json\/wp\/v2\/media?parent=25750"}],"wp:term":[{"taxonomy":"product_brand","embeddable":true,"href":"https:\/\/antiquariat-steinbach.com\/rarebooks\/wp-json\/wp\/v2\/product_brand?post=25750"},{"taxonomy":"product_cat","embeddable":true,"href":"https:\/\/antiquariat-steinbach.com\/rarebooks\/wp-json\/wp\/v2\/product_cat?post=25750"},{"taxonomy":"product_tag","embeddable":true,"href":"https:\/\/antiquariat-steinbach.com\/rarebooks\/wp-json\/wp\/v2\/product_tag?post=25750"}],"curies":[{"name":"wp","href":"https:\/\/api.w.org\/{rel}","templated":true}]}}