{"id":25717,"date":"2026-03-12T00:16:06","date_gmt":"2026-03-11T23:16:06","guid":{"rendered":"https:\/\/antiquariat-steinbach.com\/rarebooks\/produkt\/maerchen-der-weltliteratur-lueders-else-buddhistische-maerchen-aus-dem-alten-indien\/"},"modified":"2026-03-12T00:16:06","modified_gmt":"2026-03-11T23:16:06","slug":"maerchen-der-weltliteratur-lueders-else-buddhistische-maerchen-aus-dem-alten-indien","status":"publish","type":"product","link":"https:\/\/antiquariat-steinbach.com\/rarebooks\/produkt\/maerchen-der-weltliteratur-lueders-else-buddhistische-maerchen-aus-dem-alten-indien\/","title":{"rendered":"M\u00e4rchen der Weltliteratur &#8211;   L\u00fcders, Else: &#8211;  Buddhistische M\u00e4rchen aus dem alten Indien."},"content":{"rendered":"<p>Jena, Diederichs 1912.<\/p>\n<p>19,5 : 12 cm. XVI, 378 Seiten, 1 Blatt mit Buchschmuck und 1 Tafel von Horst Ehmcke. Original-Halbleinenband.<\/p>\n<p>20,00 EUR<\/p>\n","protected":false},"excerpt":{"rendered":"<p>Tadelosses Exemplar.<\/p>\n","protected":false},"featured_media":25719,"template":"","meta":[],"product_brand":[],"product_cat":[63,339,60,32,137,110,914],"product_tag":[],"class_list":{"0":"post-25717","1":"product","2":"type-product","3":"status-publish","4":"has-post-thumbnail","6":"product_cat-asien","7":"product_cat-indien","8":"product_cat-kinderbuecher","9":"product_cat-literatur","10":"product_cat-maerchen","11":"product_cat-theologie","12":"product_cat-zvab","14":"first","15":"instock","16":"purchasable","17":"product-type-simple"},"_links":{"self":[{"href":"https:\/\/antiquariat-steinbach.com\/rarebooks\/wp-json\/wp\/v2\/product\/25717","targetHints":{"allow":["GET"]}}],"collection":[{"href":"https:\/\/antiquariat-steinbach.com\/rarebooks\/wp-json\/wp\/v2\/product"}],"about":[{"href":"https:\/\/antiquariat-steinbach.com\/rarebooks\/wp-json\/wp\/v2\/types\/product"}],"version-history":[{"count":1,"href":"https:\/\/antiquariat-steinbach.com\/rarebooks\/wp-json\/wp\/v2\/product\/25717\/revisions"}],"predecessor-version":[{"id":25718,"href":"https:\/\/antiquariat-steinbach.com\/rarebooks\/wp-json\/wp\/v2\/product\/25717\/revisions\/25718"}],"wp:featuredmedia":[{"embeddable":true,"href":"https:\/\/antiquariat-steinbach.com\/rarebooks\/wp-json\/wp\/v2\/media\/25719"}],"wp:attachment":[{"href":"https:\/\/antiquariat-steinbach.com\/rarebooks\/wp-json\/wp\/v2\/media?parent=25717"}],"wp:term":[{"taxonomy":"product_brand","embeddable":true,"href":"https:\/\/antiquariat-steinbach.com\/rarebooks\/wp-json\/wp\/v2\/product_brand?post=25717"},{"taxonomy":"product_cat","embeddable":true,"href":"https:\/\/antiquariat-steinbach.com\/rarebooks\/wp-json\/wp\/v2\/product_cat?post=25717"},{"taxonomy":"product_tag","embeddable":true,"href":"https:\/\/antiquariat-steinbach.com\/rarebooks\/wp-json\/wp\/v2\/product_tag?post=25717"}],"curies":[{"name":"wp","href":"https:\/\/api.w.org\/{rel}","templated":true}]}}