{"id":25699,"date":"2026-03-12T00:12:22","date_gmt":"2026-03-11T23:12:22","guid":{"rendered":"https:\/\/antiquariat-steinbach.com\/rarebooks\/produkt\/kafka-johann-nepomuk-erinnerungen-an-steinbach-idylle-fuer-pianoforte\/"},"modified":"2026-03-12T00:12:23","modified_gmt":"2026-03-11T23:12:23","slug":"kafka-johann-nepomuk-erinnerungen-an-steinbach-idylle-fuer-pianoforte","status":"publish","type":"product","link":"https:\/\/antiquariat-steinbach.com\/rarebooks\/produkt\/kafka-johann-nepomuk-erinnerungen-an-steinbach-idylle-fuer-pianoforte\/","title":{"rendered":"Kafka, Joh(ann Nepomuk). &#8211;  Erinnerungen an Steinbach. Idylle f\u00fcr Pianoforte."},"content":{"rendered":"<p>Wien, Spina, ca. 1858.<\/p>\n<p>33 : 25,5 cm Lithographierter Titel und 6 gestochene Seiten Noten. Illustrierter Original-Umschlag.<\/p>\n<p>40,00 EUR<\/p>\n","protected":false},"excerpt":{"rendered":"<p>Erste Ausgabe. &#8211; Mit h\u00fcbscher Titelillustration Ausflugsgasthaus mit Garten.&#8211; 32tes Werk. &#8211; Etwas fleckig, die w. R\u00e4nder teils st\u00e4rker; Umschlag seitlich mit kleine Einrissen.<\/p>\n","protected":false},"featured_media":25701,"template":"","meta":[],"product_brand":[],"product_cat":[71,144,914],"product_tag":[],"class_list":{"0":"post-25699","1":"product","2":"type-product","3":"status-publish","4":"has-post-thumbnail","6":"product_cat-austriaca","7":"product_cat-musik","8":"product_cat-zvab","10":"first","11":"instock","12":"purchasable","13":"product-type-simple"},"_links":{"self":[{"href":"https:\/\/antiquariat-steinbach.com\/rarebooks\/wp-json\/wp\/v2\/product\/25699","targetHints":{"allow":["GET"]}}],"collection":[{"href":"https:\/\/antiquariat-steinbach.com\/rarebooks\/wp-json\/wp\/v2\/product"}],"about":[{"href":"https:\/\/antiquariat-steinbach.com\/rarebooks\/wp-json\/wp\/v2\/types\/product"}],"version-history":[{"count":1,"href":"https:\/\/antiquariat-steinbach.com\/rarebooks\/wp-json\/wp\/v2\/product\/25699\/revisions"}],"predecessor-version":[{"id":25700,"href":"https:\/\/antiquariat-steinbach.com\/rarebooks\/wp-json\/wp\/v2\/product\/25699\/revisions\/25700"}],"wp:featuredmedia":[{"embeddable":true,"href":"https:\/\/antiquariat-steinbach.com\/rarebooks\/wp-json\/wp\/v2\/media\/25701"}],"wp:attachment":[{"href":"https:\/\/antiquariat-steinbach.com\/rarebooks\/wp-json\/wp\/v2\/media?parent=25699"}],"wp:term":[{"taxonomy":"product_brand","embeddable":true,"href":"https:\/\/antiquariat-steinbach.com\/rarebooks\/wp-json\/wp\/v2\/product_brand?post=25699"},{"taxonomy":"product_cat","embeddable":true,"href":"https:\/\/antiquariat-steinbach.com\/rarebooks\/wp-json\/wp\/v2\/product_cat?post=25699"},{"taxonomy":"product_tag","embeddable":true,"href":"https:\/\/antiquariat-steinbach.com\/rarebooks\/wp-json\/wp\/v2\/product_tag?post=25699"}],"curies":[{"name":"wp","href":"https:\/\/api.w.org\/{rel}","templated":true}]}}