{"id":25662,"date":"2026-03-12T00:00:26","date_gmt":"2026-03-11T23:00:26","guid":{"rendered":"https:\/\/antiquariat-steinbach.com\/rarebooks\/produkt\/anderegg-nora-weihnachtsgruesse\/"},"modified":"2026-03-12T00:00:27","modified_gmt":"2026-03-11T23:00:27","slug":"anderegg-nora-weihnachtsgruesse","status":"publish","type":"product","link":"https:\/\/antiquariat-steinbach.com\/rarebooks\/produkt\/anderegg-nora-weihnachtsgruesse\/","title":{"rendered":"Anderegg, Nora. &#8211;  Weihnachtsgr\u00fc\u00dfe."},"content":{"rendered":"<p>Schweiz, ca. 1850.<\/p>\n<p>29,5 : 21 cm &#8211; 36,5 : 27,5 cm. 7 Farblithographien, rechts unten von Nora Anderegg signiert, mittig bezeichnet Herzlichen Weihnachtswgr\u00fc\u00dfe. Auf verschiedenen Papieren gedruckit.<\/p>\n<p>140,00 EUR<\/p>\n","protected":false},"excerpt":{"rendered":"<p>Anderegg Nora *18.10.1908 Genf, \u20201.1.2000 St. Gallen. Malerin und Zeichnerin. Lithografie. Figurenkompositionen, sp\u00e4ter Landschaften, Stillleben und Portr\u00e4ts sowie religi\u00f6se Themen und Mutter-Kind-Motive. &#8211; Einige Blatt signiert Emil und N ora Anderegg.<\/p>\n","protected":false},"featured_media":25663,"template":"","meta":[],"product_brand":[],"product_cat":[29,153,334,76,914],"product_tag":[],"class_list":{"0":"post-25662","1":"product","2":"type-product","3":"status-publish","4":"has-post-thumbnail","6":"product_cat-20-jahrhundert","7":"product_cat-graphik","8":"product_cat-mod","9":"product_cat-schweiz","10":"product_cat-zvab","12":"first","13":"instock","14":"purchasable","15":"product-type-simple"},"_links":{"self":[{"href":"https:\/\/antiquariat-steinbach.com\/rarebooks\/wp-json\/wp\/v2\/product\/25662","targetHints":{"allow":["GET"]}}],"collection":[{"href":"https:\/\/antiquariat-steinbach.com\/rarebooks\/wp-json\/wp\/v2\/product"}],"about":[{"href":"https:\/\/antiquariat-steinbach.com\/rarebooks\/wp-json\/wp\/v2\/types\/product"}],"version-history":[{"count":0,"href":"https:\/\/antiquariat-steinbach.com\/rarebooks\/wp-json\/wp\/v2\/product\/25662\/revisions"}],"wp:featuredmedia":[{"embeddable":true,"href":"https:\/\/antiquariat-steinbach.com\/rarebooks\/wp-json\/wp\/v2\/media\/25663"}],"wp:attachment":[{"href":"https:\/\/antiquariat-steinbach.com\/rarebooks\/wp-json\/wp\/v2\/media?parent=25662"}],"wp:term":[{"taxonomy":"product_brand","embeddable":true,"href":"https:\/\/antiquariat-steinbach.com\/rarebooks\/wp-json\/wp\/v2\/product_brand?post=25662"},{"taxonomy":"product_cat","embeddable":true,"href":"https:\/\/antiquariat-steinbach.com\/rarebooks\/wp-json\/wp\/v2\/product_cat?post=25662"},{"taxonomy":"product_tag","embeddable":true,"href":"https:\/\/antiquariat-steinbach.com\/rarebooks\/wp-json\/wp\/v2\/product_tag?post=25662"}],"curies":[{"name":"wp","href":"https:\/\/api.w.org\/{rel}","templated":true}]}}