{"id":25584,"date":"2026-03-12T00:20:42","date_gmt":"2026-03-11T23:20:42","guid":{"rendered":"https:\/\/antiquariat-steinbach.com\/rarebooks\/produkt\/rumaenien-lagler-nette-bukarest-nach-89-kunst-in-rumaenien-heute\/"},"modified":"2026-03-12T00:20:43","modified_gmt":"2026-03-11T23:20:43","slug":"rumaenien-lagler-nette-bukarest-nach-89-kunst-in-rumaenien-heute","status":"publish","type":"product","link":"https:\/\/antiquariat-steinbach.com\/rarebooks\/produkt\/rumaenien-lagler-nette-bukarest-nach-89-kunst-in-rumaenien-heute\/","title":{"rendered":"Rum\u00e4nien &#8211;   Lagler, nette. &#8211;  Bukarest nach &#8217;89. Kunst in Rum\u00e4nien heute."},"content":{"rendered":"<p>Aachen, Ludwig Forum,  o.J. ca 2000<\/p>\n<p>28 : 22 cm. 80 Seiten mit vielen, teils farbigen Tafeln und Abbildungen. Illustrierte Original Karton.<\/p>\n<p>40,00 EUR<\/p>\n","protected":false},"excerpt":{"rendered":"<p>Guter \u00dcberblick \u00fcber die Kunstszene in Rum\u00e4nien. Mit K\u00fcnstlerportraits von Ioana Batranu, \u00b4Mihai Buculei, Sorin Dumitrescu, Paula Ribariu, Mihai Sarbulescu u.a.<\/p>\n","protected":false},"featured_media":25586,"template":"","meta":[],"product_brand":[],"product_cat":[29,40,1014,914],"product_tag":[],"class_list":{"0":"post-25584","1":"product","2":"type-product","3":"status-publish","4":"has-post-thumbnail","6":"product_cat-20-jahrhundert","7":"product_cat-kuenstlermonographien","8":"product_cat-rumaenien","9":"product_cat-zvab","11":"first","12":"instock","13":"purchasable","14":"product-type-simple"},"_links":{"self":[{"href":"https:\/\/antiquariat-steinbach.com\/rarebooks\/wp-json\/wp\/v2\/product\/25584","targetHints":{"allow":["GET"]}}],"collection":[{"href":"https:\/\/antiquariat-steinbach.com\/rarebooks\/wp-json\/wp\/v2\/product"}],"about":[{"href":"https:\/\/antiquariat-steinbach.com\/rarebooks\/wp-json\/wp\/v2\/types\/product"}],"version-history":[{"count":1,"href":"https:\/\/antiquariat-steinbach.com\/rarebooks\/wp-json\/wp\/v2\/product\/25584\/revisions"}],"predecessor-version":[{"id":25585,"href":"https:\/\/antiquariat-steinbach.com\/rarebooks\/wp-json\/wp\/v2\/product\/25584\/revisions\/25585"}],"wp:featuredmedia":[{"embeddable":true,"href":"https:\/\/antiquariat-steinbach.com\/rarebooks\/wp-json\/wp\/v2\/media\/25586"}],"wp:attachment":[{"href":"https:\/\/antiquariat-steinbach.com\/rarebooks\/wp-json\/wp\/v2\/media?parent=25584"}],"wp:term":[{"taxonomy":"product_brand","embeddable":true,"href":"https:\/\/antiquariat-steinbach.com\/rarebooks\/wp-json\/wp\/v2\/product_brand?post=25584"},{"taxonomy":"product_cat","embeddable":true,"href":"https:\/\/antiquariat-steinbach.com\/rarebooks\/wp-json\/wp\/v2\/product_cat?post=25584"},{"taxonomy":"product_tag","embeddable":true,"href":"https:\/\/antiquariat-steinbach.com\/rarebooks\/wp-json\/wp\/v2\/product_tag?post=25584"}],"curies":[{"name":"wp","href":"https:\/\/api.w.org\/{rel}","templated":true}]}}