{"id":25483,"date":"2026-03-12T00:20:34","date_gmt":"2026-03-11T23:20:34","guid":{"rendered":"https:\/\/antiquariat-steinbach.com\/rarebooks\/produkt\/rochowansi-leopold-wolfgang-der-phantast-wien-1918-ausschnitt-einblattdruck-79-59-cm\/"},"modified":"2026-03-12T00:20:34","modified_gmt":"2026-03-11T23:20:34","slug":"rochowansi-leopold-wolfgang-der-phantast-wien-1918-ausschnitt-einblattdruck-79-59-cm","status":"publish","type":"product","link":"https:\/\/antiquariat-steinbach.com\/rarebooks\/produkt\/rochowansi-leopold-wolfgang-der-phantast-wien-1918-ausschnitt-einblattdruck-79-59-cm\/","title":{"rendered":"Rochowansi, Leopold Wolfgang. &#8211;  Der Phantast. (Wien 1918; Ausschnitt). Einblattdruck (79 : 59 cm)."},"content":{"rendered":"<p>Wien, 2023.<\/p>\n<p>30 : 20 cm. Mehrfach gefaltete farbig Lithographie Original Umschlag: Acrylmalerei auf Fabiano.<\/p>\n<p>80,00 EUR<\/p>\n","protected":false},"excerpt":{"rendered":"<p>Eines von 99 nummerierten Exemplaren vom K\u00fcnstler im Druckvermerk signiert. Sehr aufwenig gestaltete Jahresgabe 2024 der Wiener Bibliophien-Gesellschaft. Verso: Lithographie, computergest\u00fctzt nachbearbeitet; mit Acrylfarben untermalte Bogen auf der Handpresse im Flachdruck schwarz \u00fcberdruckt. Recto: Text in Handschrift des K\u00fcnstlers, im Flachdruck auf der Handpresse gedruckt.<\/p>\n","protected":false},"featured_media":25524,"template":"","meta":[],"product_brand":[],"product_cat":[198,43,46,90,914],"product_tag":[],"class_list":{"0":"post-25483","1":"product","2":"type-product","3":"status-publish","4":"has-post-thumbnail","6":"product_cat-bibliohpilie","7":"product_cat-illustrierte-buecher","8":"product_cat-pressendrucke","9":"product_cat-viennensia","10":"product_cat-zvab","12":"first","13":"instock","14":"purchasable","15":"product-type-simple"},"_links":{"self":[{"href":"https:\/\/antiquariat-steinbach.com\/rarebooks\/wp-json\/wp\/v2\/product\/25483","targetHints":{"allow":["GET"]}}],"collection":[{"href":"https:\/\/antiquariat-steinbach.com\/rarebooks\/wp-json\/wp\/v2\/product"}],"about":[{"href":"https:\/\/antiquariat-steinbach.com\/rarebooks\/wp-json\/wp\/v2\/types\/product"}],"version-history":[{"count":1,"href":"https:\/\/antiquariat-steinbach.com\/rarebooks\/wp-json\/wp\/v2\/product\/25483\/revisions"}],"predecessor-version":[{"id":25523,"href":"https:\/\/antiquariat-steinbach.com\/rarebooks\/wp-json\/wp\/v2\/product\/25483\/revisions\/25523"}],"wp:featuredmedia":[{"embeddable":true,"href":"https:\/\/antiquariat-steinbach.com\/rarebooks\/wp-json\/wp\/v2\/media\/25524"}],"wp:attachment":[{"href":"https:\/\/antiquariat-steinbach.com\/rarebooks\/wp-json\/wp\/v2\/media?parent=25483"}],"wp:term":[{"taxonomy":"product_brand","embeddable":true,"href":"https:\/\/antiquariat-steinbach.com\/rarebooks\/wp-json\/wp\/v2\/product_brand?post=25483"},{"taxonomy":"product_cat","embeddable":true,"href":"https:\/\/antiquariat-steinbach.com\/rarebooks\/wp-json\/wp\/v2\/product_cat?post=25483"},{"taxonomy":"product_tag","embeddable":true,"href":"https:\/\/antiquariat-steinbach.com\/rarebooks\/wp-json\/wp\/v2\/product_tag?post=25483"}],"curies":[{"name":"wp","href":"https:\/\/api.w.org\/{rel}","templated":true}]}}