{"id":25407,"date":"2026-03-12T00:14:17","date_gmt":"2026-03-11T23:14:17","guid":{"rendered":"https:\/\/antiquariat-steinbach.com\/rarebooks\/produkt\/lackner-ludwig-mustgerblaetter-fuer-gothische-zimmer-dekoration\/"},"modified":"2026-03-12T00:14:17","modified_gmt":"2026-03-11T23:14:17","slug":"lackner-ludwig-mustgerblaetter-fuer-gothische-zimmer-dekoration","status":"publish","type":"product","link":"https:\/\/antiquariat-steinbach.com\/rarebooks\/produkt\/lackner-ludwig-mustgerblaetter-fuer-gothische-zimmer-dekoration\/","title":{"rendered":"Lackner, Ludwig. &#8211;  Mustgerbl\u00e4tter f\u00fcr gothische Zimmer-Dekoration."},"content":{"rendered":"<p>M\u00fcnchen, Ravizza, 1861.<\/p>\n<p>1. Heft (alles?). 51 : 38. 12 farbige Holzschnitt-Tafeln. Original Halbleinenband, Titel auf Vorderdeckel.<\/p>\n<p>120,00 EUR<\/p>\n","protected":false},"excerpt":{"rendered":"<p>M\u00fcnchen, Ravizza, 1861. 1. Heft (alles?). 51 : 38. 12 farbige Holzschnitt-Tafeln. Original Halbleinenband, Titel auf Vorderdeckel. 120,00 EUR<\/p>\n","protected":false},"featured_media":25408,"template":"","meta":[],"product_brand":[],"product_cat":[302,93,929,233,914],"product_tag":[],"class_list":{"0":"post-25407","1":"product","2":"type-product","3":"status-publish","4":"has-post-thumbnail","6":"product_cat-dekoration","7":"product_cat-design","8":"product_cat-gotik","9":"product_cat-innenarchitektur","10":"product_cat-zvab","12":"first","13":"instock","14":"purchasable","15":"product-type-simple"},"_links":{"self":[{"href":"https:\/\/antiquariat-steinbach.com\/rarebooks\/wp-json\/wp\/v2\/product\/25407","targetHints":{"allow":["GET"]}}],"collection":[{"href":"https:\/\/antiquariat-steinbach.com\/rarebooks\/wp-json\/wp\/v2\/product"}],"about":[{"href":"https:\/\/antiquariat-steinbach.com\/rarebooks\/wp-json\/wp\/v2\/types\/product"}],"version-history":[{"count":1,"href":"https:\/\/antiquariat-steinbach.com\/rarebooks\/wp-json\/wp\/v2\/product\/25407\/revisions"}],"predecessor-version":[{"id":27823,"href":"https:\/\/antiquariat-steinbach.com\/rarebooks\/wp-json\/wp\/v2\/product\/25407\/revisions\/27823"}],"wp:featuredmedia":[{"embeddable":true,"href":"https:\/\/antiquariat-steinbach.com\/rarebooks\/wp-json\/wp\/v2\/media\/25408"}],"wp:attachment":[{"href":"https:\/\/antiquariat-steinbach.com\/rarebooks\/wp-json\/wp\/v2\/media?parent=25407"}],"wp:term":[{"taxonomy":"product_brand","embeddable":true,"href":"https:\/\/antiquariat-steinbach.com\/rarebooks\/wp-json\/wp\/v2\/product_brand?post=25407"},{"taxonomy":"product_cat","embeddable":true,"href":"https:\/\/antiquariat-steinbach.com\/rarebooks\/wp-json\/wp\/v2\/product_cat?post=25407"},{"taxonomy":"product_tag","embeddable":true,"href":"https:\/\/antiquariat-steinbach.com\/rarebooks\/wp-json\/wp\/v2\/product_tag?post=25407"}],"curies":[{"name":"wp","href":"https:\/\/api.w.org\/{rel}","templated":true}]}}