{"id":25168,"date":"2026-03-12T00:28:37","date_gmt":"2026-03-11T23:28:37","guid":{"rendered":"https:\/\/antiquariat-steinbach.com\/rarebooks\/produkt\/zein-anna-arbeitsbuch-i-klasse-frauengewerbeschule-fuer-kleidermachen\/"},"modified":"2026-03-12T00:28:40","modified_gmt":"2026-03-11T23:28:40","slug":"zein-anna-arbeitsbuch-i-klasse-frauengewerbeschule-fuer-kleidermachen","status":"publish","type":"product","link":"https:\/\/antiquariat-steinbach.com\/rarebooks\/produkt\/zein-anna-arbeitsbuch-i-klasse-frauengewerbeschule-fuer-kleidermachen\/","title":{"rendered":"Zein, Anna. &#8211;  Arbeitsbuch I. Klasse. Frauengewerbeschule f\u00fcr Kleidermachen."},"content":{"rendered":"<p>Wien, Bundesverlag, 1928 &#8211; 1929.<\/p>\n<p>25,5 : 21 cm. 20 Seiten mit 20 montierten Stoffmustern, 20 Entw\u00fcrfen und Beschreibung.  Original Halbleinen-Mappe.<\/p>\n<p>200,00 EUR<\/p>\n","protected":false},"excerpt":{"rendered":"<p>Entw\u00fcrfe f\u00fcr R\u00f6cke, M\u00e4ntel, Kleider, Hauskleider, Kost\u00fcme, Westen. Jeweils mit dem entsprechenden Stoffmuster, dem Entwurf, der genauen Beschreibung des verwendeten Materials, die Summe der Arbeitsstunden und der Stundenlohn der Sch\u00fclerin 75 Groschen! &#8211; Frauengewerbeschule f\u00fcr Wei\u00dfn\u00e4hen und Kleidermachen der Frau Pr\u00e4sidentin K\u00f6lbl in Wien III, Rennweg 24.<\/p>\n","protected":false},"featured_media":25170,"template":"","meta":[],"product_brand":[],"product_cat":[55,157,121,51,914],"product_tag":[],"class_list":{"0":"post-25168","1":"product","2":"type-product","3":"status-publish","4":"has-post-thumbnail","6":"product_cat-fashion","7":"product_cat-handarbeit","8":"product_cat-mode","9":"product_cat-textil","10":"product_cat-zvab","12":"first","13":"instock","14":"purchasable","15":"product-type-simple"},"_links":{"self":[{"href":"https:\/\/antiquariat-steinbach.com\/rarebooks\/wp-json\/wp\/v2\/product\/25168","targetHints":{"allow":["GET"]}}],"collection":[{"href":"https:\/\/antiquariat-steinbach.com\/rarebooks\/wp-json\/wp\/v2\/product"}],"about":[{"href":"https:\/\/antiquariat-steinbach.com\/rarebooks\/wp-json\/wp\/v2\/types\/product"}],"version-history":[{"count":1,"href":"https:\/\/antiquariat-steinbach.com\/rarebooks\/wp-json\/wp\/v2\/product\/25168\/revisions"}],"predecessor-version":[{"id":25169,"href":"https:\/\/antiquariat-steinbach.com\/rarebooks\/wp-json\/wp\/v2\/product\/25168\/revisions\/25169"}],"wp:featuredmedia":[{"embeddable":true,"href":"https:\/\/antiquariat-steinbach.com\/rarebooks\/wp-json\/wp\/v2\/media\/25170"}],"wp:attachment":[{"href":"https:\/\/antiquariat-steinbach.com\/rarebooks\/wp-json\/wp\/v2\/media?parent=25168"}],"wp:term":[{"taxonomy":"product_brand","embeddable":true,"href":"https:\/\/antiquariat-steinbach.com\/rarebooks\/wp-json\/wp\/v2\/product_brand?post=25168"},{"taxonomy":"product_cat","embeddable":true,"href":"https:\/\/antiquariat-steinbach.com\/rarebooks\/wp-json\/wp\/v2\/product_cat?post=25168"},{"taxonomy":"product_tag","embeddable":true,"href":"https:\/\/antiquariat-steinbach.com\/rarebooks\/wp-json\/wp\/v2\/product_tag?post=25168"}],"curies":[{"name":"wp","href":"https:\/\/api.w.org\/{rel}","templated":true}]}}