{"id":2511,"date":"2026-03-12T00:06:20","date_gmt":"2026-03-11T23:06:20","guid":{"rendered":"http:\/\/antiquariat-steinbach.com\/rarebooks\/produkt\/die-fackel-5\/"},"modified":"2026-03-12T00:06:22","modified_gmt":"2026-03-11T23:06:22","slug":"fackel-original-umschlaege-kraus-karl-die-fackel","status":"publish","type":"product","link":"https:\/\/antiquariat-steinbach.com\/rarebooks\/produkt\/fackel-original-umschlaege-kraus-karl-die-fackel\/","title":{"rendered":"Fackel &#8211; Original-Umschl\u00e4ge   Kraus, Karl. &#8211;  Die Fackel."},"content":{"rendered":"<p>Wien, Verlag &#8218;Die Fackel&#8216;, 1899 &#8211; 1935.<\/p>\n<p>88 Original-Umschl\u00e4g f\u00fcr Hefte der Fackel ohne Inhalt! 19 : 13 cm. Rote illustrierte Original-Umschl\u00e4ge<\/p>\n<p>95,00 EUR<\/p>\n","protected":false},"excerpt":{"rendered":"<p>Original-Umschl\u00e4ge -ohne Inhalt &#8211; f\u00fcr die epochale satirische Zeitschrift, neben den &#8218;Letzten Tagen der Menschheit&#8216; das Hauptwerk von Karl Kraus. Ohne R\u00fccksicht auf Parteipolitische oder sonstige Bindungen, sagte er dem &#8218;rei\u00dferischen Journalismus&#8216; den Kampf an, und entickelte sich so zum vermutlich bedeutensten Vork\u00e4mpfer gegen die Verwahrlosung der deutschen Sprache. &#8211; Vorhanden sind die Umschl\u00e4ge f\u00fcr die Hefte: 7,9,11,14,16,17,18,19,20,21,22,23,25,27,28,20,41,46,53,54,76,77,79,80,81,83,89,90,91-97,105,107,108,110,112,118,119-126,130,146,182,191,192,196,202,501-507,657-667,676-678,679,712-716,717-723,724\/25,726-729, 730\/31,732-734,735-742,751-756757-758,759-765,766-770,777,778-780,781-786,787-794,795-799,800-805,806-809,810,811-819,838-844,845-846,847-851,852-856,857-863,864-867,868-872,873-875,876-884,885-887,888,889,890-905,906-907,908, 909-911, 912-915,916,917.922.<\/p>\n","protected":false},"featured_media":0,"template":"","meta":[],"product_brand":[],"product_cat":[29,95,32,90,52,914],"product_tag":[],"class_list":{"0":"post-2511","1":"product","2":"type-product","3":"status-publish","5":"product_cat-20-jahrhundert","6":"product_cat-einbaende","7":"product_cat-literatur","8":"product_cat-viennensia","9":"product_cat-zeitschriften","10":"product_cat-zvab","12":"first","13":"instock","14":"purchasable","15":"product-type-simple"},"_links":{"self":[{"href":"https:\/\/antiquariat-steinbach.com\/rarebooks\/wp-json\/wp\/v2\/product\/2511","targetHints":{"allow":["GET"]}}],"collection":[{"href":"https:\/\/antiquariat-steinbach.com\/rarebooks\/wp-json\/wp\/v2\/product"}],"about":[{"href":"https:\/\/antiquariat-steinbach.com\/rarebooks\/wp-json\/wp\/v2\/types\/product"}],"version-history":[{"count":4,"href":"https:\/\/antiquariat-steinbach.com\/rarebooks\/wp-json\/wp\/v2\/product\/2511\/revisions"}],"predecessor-version":[{"id":27694,"href":"https:\/\/antiquariat-steinbach.com\/rarebooks\/wp-json\/wp\/v2\/product\/2511\/revisions\/27694"}],"wp:attachment":[{"href":"https:\/\/antiquariat-steinbach.com\/rarebooks\/wp-json\/wp\/v2\/media?parent=2511"}],"wp:term":[{"taxonomy":"product_brand","embeddable":true,"href":"https:\/\/antiquariat-steinbach.com\/rarebooks\/wp-json\/wp\/v2\/product_brand?post=2511"},{"taxonomy":"product_cat","embeddable":true,"href":"https:\/\/antiquariat-steinbach.com\/rarebooks\/wp-json\/wp\/v2\/product_cat?post=2511"},{"taxonomy":"product_tag","embeddable":true,"href":"https:\/\/antiquariat-steinbach.com\/rarebooks\/wp-json\/wp\/v2\/product_tag?post=2511"}],"curies":[{"name":"wp","href":"https:\/\/api.w.org\/{rel}","templated":true}]}}