{"id":25040,"date":"2026-03-12T00:24:39","date_gmt":"2026-03-11T23:24:39","guid":{"rendered":"https:\/\/antiquariat-steinbach.com\/rarebooks\/produkt\/thoma-hans-maler-1839-1924-triton-und-eine-nereide\/"},"modified":"2026-03-12T00:24:40","modified_gmt":"2026-03-11T23:24:40","slug":"thoma-hans-maler-1839-1924-triton-und-eine-nereide","status":"publish","type":"product","link":"https:\/\/antiquariat-steinbach.com\/rarebooks\/produkt\/thoma-hans-maler-1839-1924-triton-und-eine-nereide\/","title":{"rendered":"Thoma, Hans, Maler (1839-1924). &#8211;  Triton und eine Nereide."},"content":{"rendered":"<p>O.O. u.D.<\/p>\n<p>111 : 91 mm Aquarellierte Bleistiftzeichnung<\/p>\n<p>120,00 EUR<\/p>\n","protected":false},"excerpt":{"rendered":"<p>Dargestellt sind Triton und eine Nereide (nymphe des Meeres die Schiffbr\u00fcchige besch\u00fctzen). Auf Tr\u00e4gerkarton montiert.<\/p>\n","protected":false},"featured_media":25042,"template":"","meta":[],"product_brand":[],"product_cat":[360,74,491,1000,57,914],"product_tag":[],"class_list":{"0":"post-25040","1":"product","2":"type-product","3":"status-publish","4":"has-post-thumbnail","6":"product_cat-19-jhdt","7":"product_cat-deutschland","8":"product_cat-hans","9":"product_cat-thoma","10":"product_cat-zeichnung","11":"product_cat-zvab","13":"first","14":"instock","15":"purchasable","16":"product-type-simple"},"_links":{"self":[{"href":"https:\/\/antiquariat-steinbach.com\/rarebooks\/wp-json\/wp\/v2\/product\/25040","targetHints":{"allow":["GET"]}}],"collection":[{"href":"https:\/\/antiquariat-steinbach.com\/rarebooks\/wp-json\/wp\/v2\/product"}],"about":[{"href":"https:\/\/antiquariat-steinbach.com\/rarebooks\/wp-json\/wp\/v2\/types\/product"}],"version-history":[{"count":1,"href":"https:\/\/antiquariat-steinbach.com\/rarebooks\/wp-json\/wp\/v2\/product\/25040\/revisions"}],"predecessor-version":[{"id":25041,"href":"https:\/\/antiquariat-steinbach.com\/rarebooks\/wp-json\/wp\/v2\/product\/25040\/revisions\/25041"}],"wp:featuredmedia":[{"embeddable":true,"href":"https:\/\/antiquariat-steinbach.com\/rarebooks\/wp-json\/wp\/v2\/media\/25042"}],"wp:attachment":[{"href":"https:\/\/antiquariat-steinbach.com\/rarebooks\/wp-json\/wp\/v2\/media?parent=25040"}],"wp:term":[{"taxonomy":"product_brand","embeddable":true,"href":"https:\/\/antiquariat-steinbach.com\/rarebooks\/wp-json\/wp\/v2\/product_brand?post=25040"},{"taxonomy":"product_cat","embeddable":true,"href":"https:\/\/antiquariat-steinbach.com\/rarebooks\/wp-json\/wp\/v2\/product_cat?post=25040"},{"taxonomy":"product_tag","embeddable":true,"href":"https:\/\/antiquariat-steinbach.com\/rarebooks\/wp-json\/wp\/v2\/product_tag?post=25040"}],"curies":[{"name":"wp","href":"https:\/\/api.w.org\/{rel}","templated":true}]}}