{"id":25006,"date":"2026-03-12T00:22:58","date_gmt":"2026-03-11T23:22:58","guid":{"rendered":"https:\/\/antiquariat-steinbach.com\/rarebooks\/produkt\/spann-othmar-vom-interessensverband-zum-berufsstand\/"},"modified":"2026-03-12T00:22:58","modified_gmt":"2026-03-11T23:22:58","slug":"spann-othmar-vom-interessensverband-zum-berufsstand","status":"publish","type":"product","link":"https:\/\/antiquariat-steinbach.com\/rarebooks\/produkt\/spann-othmar-vom-interessensverband-zum-berufsstand\/","title":{"rendered":"Spann, Othmar. &#8211;  Vom Interessensverband zum Berufsstand."},"content":{"rendered":"<p>Berlin, Erneuerungs-Verlag, 1932<\/p>\n<p>24,5 : 16,5 cm. Seiten 72 &#8211; 76. Original Umschlag<\/p>\n<p>10,00 EUR<\/p>\n","protected":false},"excerpt":{"rendered":"<p>St\u00e4ndisches Leben (Untertitel: Bl\u00e4tter f\u00fcr organische Gesellschafts- und Wirtschaftslehre) war eine Monatsschrift des Erneuerungs-Verlags, die von 1931 bis 1937 in Wien und Berlin erschien. Herausgeber war Othmar Spann. Die Zeitschrift war die wichtigste Publikation des sogenannten Spannkreises und eines der zentralen Organe des Universalismus im deutschen Sprachraum. &#8211; Nicht im Buchhandel, \u00dcberreicht vom Verfasser mit dessen Widmung.<\/p>\n","protected":false},"featured_media":25008,"template":"","meta":[],"product_brand":[],"product_cat":[97,59,595,91,914],"product_tag":[],"class_list":{"0":"post-25006","1":"product","2":"type-product","3":"status-publish","4":"has-post-thumbnail","6":"product_cat-geschichte","7":"product_cat-kulturgeschichte","8":"product_cat-nationaloekonomie","9":"product_cat-wirtschaft","10":"product_cat-zvab","12":"first","13":"instock","14":"purchasable","15":"product-type-simple"},"_links":{"self":[{"href":"https:\/\/antiquariat-steinbach.com\/rarebooks\/wp-json\/wp\/v2\/product\/25006","targetHints":{"allow":["GET"]}}],"collection":[{"href":"https:\/\/antiquariat-steinbach.com\/rarebooks\/wp-json\/wp\/v2\/product"}],"about":[{"href":"https:\/\/antiquariat-steinbach.com\/rarebooks\/wp-json\/wp\/v2\/types\/product"}],"version-history":[{"count":1,"href":"https:\/\/antiquariat-steinbach.com\/rarebooks\/wp-json\/wp\/v2\/product\/25006\/revisions"}],"predecessor-version":[{"id":25007,"href":"https:\/\/antiquariat-steinbach.com\/rarebooks\/wp-json\/wp\/v2\/product\/25006\/revisions\/25007"}],"wp:featuredmedia":[{"embeddable":true,"href":"https:\/\/antiquariat-steinbach.com\/rarebooks\/wp-json\/wp\/v2\/media\/25008"}],"wp:attachment":[{"href":"https:\/\/antiquariat-steinbach.com\/rarebooks\/wp-json\/wp\/v2\/media?parent=25006"}],"wp:term":[{"taxonomy":"product_brand","embeddable":true,"href":"https:\/\/antiquariat-steinbach.com\/rarebooks\/wp-json\/wp\/v2\/product_brand?post=25006"},{"taxonomy":"product_cat","embeddable":true,"href":"https:\/\/antiquariat-steinbach.com\/rarebooks\/wp-json\/wp\/v2\/product_cat?post=25006"},{"taxonomy":"product_tag","embeddable":true,"href":"https:\/\/antiquariat-steinbach.com\/rarebooks\/wp-json\/wp\/v2\/product_tag?post=25006"}],"curies":[{"name":"wp","href":"https:\/\/api.w.org\/{rel}","templated":true}]}}