{"id":24961,"date":"2026-03-12T00:22:30","date_gmt":"2026-03-11T23:22:30","guid":{"rendered":"https:\/\/antiquariat-steinbach.com\/rarebooks\/produkt\/schuster-j-die-biblische-geschichte-des-alten-und-neuen-testaments-fuer-allgemeine-volksschulen-und-fuer-buergerschulen\/"},"modified":"2026-03-12T00:22:31","modified_gmt":"2026-03-11T23:22:31","slug":"schuster-j-die-biblische-geschichte-des-alten-und-neuen-testaments-fuer-allgemeine-volksschulen-und-fuer-buergerschulen","status":"publish","type":"product","link":"https:\/\/antiquariat-steinbach.com\/rarebooks\/produkt\/schuster-j-die-biblische-geschichte-des-alten-und-neuen-testaments-fuer-allgemeine-volksschulen-und-fuer-buergerschulen\/","title":{"rendered":"Schuster, J. &#8211;  Die Biblische Geschichte des Alten und Neuen Testaments f\u00fcr allgemeine Volksschulen und f\u00fcr B\u00fcrgerschulen."},"content":{"rendered":"<p>Wien, Schulbuchverlag, 1889.<\/p>\n<p>21,5 : 14 cm. XII, 203 Seiten mit 52 Illustrationen. Halbleinenband.<\/p>\n<p>25,00 EUR<\/p>\n","protected":false},"excerpt":{"rendered":"<p>Seite 5 geklebt; Einband berieben.<\/p>\n","protected":false},"featured_media":24963,"template":"","meta":[],"product_brand":[],"product_cat":[274,182,110,914],"product_tag":[],"class_list":{"0":"post-24961","1":"product","2":"type-product","3":"status-publish","4":"has-post-thumbnail","6":"product_cat-biblen","7":"product_cat-paedagogik","8":"product_cat-theologie","9":"product_cat-zvab","11":"first","12":"instock","13":"purchasable","14":"product-type-simple"},"_links":{"self":[{"href":"https:\/\/antiquariat-steinbach.com\/rarebooks\/wp-json\/wp\/v2\/product\/24961","targetHints":{"allow":["GET"]}}],"collection":[{"href":"https:\/\/antiquariat-steinbach.com\/rarebooks\/wp-json\/wp\/v2\/product"}],"about":[{"href":"https:\/\/antiquariat-steinbach.com\/rarebooks\/wp-json\/wp\/v2\/types\/product"}],"version-history":[{"count":1,"href":"https:\/\/antiquariat-steinbach.com\/rarebooks\/wp-json\/wp\/v2\/product\/24961\/revisions"}],"predecessor-version":[{"id":24962,"href":"https:\/\/antiquariat-steinbach.com\/rarebooks\/wp-json\/wp\/v2\/product\/24961\/revisions\/24962"}],"wp:featuredmedia":[{"embeddable":true,"href":"https:\/\/antiquariat-steinbach.com\/rarebooks\/wp-json\/wp\/v2\/media\/24963"}],"wp:attachment":[{"href":"https:\/\/antiquariat-steinbach.com\/rarebooks\/wp-json\/wp\/v2\/media?parent=24961"}],"wp:term":[{"taxonomy":"product_brand","embeddable":true,"href":"https:\/\/antiquariat-steinbach.com\/rarebooks\/wp-json\/wp\/v2\/product_brand?post=24961"},{"taxonomy":"product_cat","embeddable":true,"href":"https:\/\/antiquariat-steinbach.com\/rarebooks\/wp-json\/wp\/v2\/product_cat?post=24961"},{"taxonomy":"product_tag","embeddable":true,"href":"https:\/\/antiquariat-steinbach.com\/rarebooks\/wp-json\/wp\/v2\/product_tag?post=24961"}],"curies":[{"name":"wp","href":"https:\/\/api.w.org\/{rel}","templated":true}]}}