{"id":24791,"date":"2026-03-12T00:18:52","date_gmt":"2026-03-11T23:18:52","guid":{"rendered":"https:\/\/antiquariat-steinbach.com\/rarebooks\/produkt\/pistorius-johann-burkhard-gotthelf-struve-rervm-germanicarvm-scriptores-aliqvot-insignes-qui-historiam-et-res-gestas-germanorvm-editione-tertia\/"},"modified":"2026-03-12T00:18:52","modified_gmt":"2026-03-11T23:18:52","slug":"pistorius-johann-burkhard-gotthelf-struve-rervm-germanicarvm-scriptores-aliqvot-insignes-qui-historiam-et-res-gestas-germanorvm-editione-tertia","status":"publish","type":"product","link":"https:\/\/antiquariat-steinbach.com\/rarebooks\/produkt\/pistorius-johann-burkhard-gotthelf-struve-rervm-germanicarvm-scriptores-aliqvot-insignes-qui-historiam-et-res-gestas-germanorvm-editione-tertia\/","title":{"rendered":"Pistorius, Johann &#8211; Burkhard Gotthelf Struve. &#8211;  Rervm Germanicarvm Scriptores aliqvot insignes, qui Historiam et Res Gestas Germanorvm&#8230;Editione Tertia."},"content":{"rendered":"<p>Regensburg, Peetz 1726.<\/p>\n<p>3 B\u00e4nde 34 : 22 cm. 12 Blatt, Seiten 1 &#8211; 678; Seite 679 &#8211; 1379; 976 Seiten, mit mehreren Initialen, Vignetten nund Schlu\u00dfst\u00fccken in Holzschnitt. Pergementb\u00e4nde der Zeit mit R\u00fcckenschild.<\/p>\n<p>380,00 EUR<\/p>\n","protected":false},"excerpt":{"rendered":"<p>Sammlung von mittelalterlichen Quellentexten zur deutschen Geschichte. Hier die von B.G.Struve bearbeitete und sehr gesch\u00e4tzte dritte Ausgabe. Sie ist nicht ein blo\u00dfer Neudruck der fr\u00fcheren Ausgaben, sondern in ihr flossen die neuesten Erkenntnisse der historischen und philologischen Wissenschaften ein. &#8211; Wie meist etwas gebr\u00e4unt und fleckig; Einb\u00e4nde berieben und bestossen, Kapital von Band 1 mit Einri\u00df. &#8211; VD18, 10736263; Graesse 5, 305.<\/p>\n","protected":false},"featured_media":24793,"template":"","meta":[],"product_brand":[],"product_cat":[74,97,997,914],"product_tag":[],"class_list":{"0":"post-24791","1":"product","2":"type-product","3":"status-publish","4":"has-post-thumbnail","6":"product_cat-deutschland","7":"product_cat-geschichte","8":"product_cat-mittelalter","9":"product_cat-zvab","11":"first","12":"instock","13":"purchasable","14":"product-type-simple"},"_links":{"self":[{"href":"https:\/\/antiquariat-steinbach.com\/rarebooks\/wp-json\/wp\/v2\/product\/24791","targetHints":{"allow":["GET"]}}],"collection":[{"href":"https:\/\/antiquariat-steinbach.com\/rarebooks\/wp-json\/wp\/v2\/product"}],"about":[{"href":"https:\/\/antiquariat-steinbach.com\/rarebooks\/wp-json\/wp\/v2\/types\/product"}],"version-history":[{"count":1,"href":"https:\/\/antiquariat-steinbach.com\/rarebooks\/wp-json\/wp\/v2\/product\/24791\/revisions"}],"predecessor-version":[{"id":24792,"href":"https:\/\/antiquariat-steinbach.com\/rarebooks\/wp-json\/wp\/v2\/product\/24791\/revisions\/24792"}],"wp:featuredmedia":[{"embeddable":true,"href":"https:\/\/antiquariat-steinbach.com\/rarebooks\/wp-json\/wp\/v2\/media\/24793"}],"wp:attachment":[{"href":"https:\/\/antiquariat-steinbach.com\/rarebooks\/wp-json\/wp\/v2\/media?parent=24791"}],"wp:term":[{"taxonomy":"product_brand","embeddable":true,"href":"https:\/\/antiquariat-steinbach.com\/rarebooks\/wp-json\/wp\/v2\/product_brand?post=24791"},{"taxonomy":"product_cat","embeddable":true,"href":"https:\/\/antiquariat-steinbach.com\/rarebooks\/wp-json\/wp\/v2\/product_cat?post=24791"},{"taxonomy":"product_tag","embeddable":true,"href":"https:\/\/antiquariat-steinbach.com\/rarebooks\/wp-json\/wp\/v2\/product_tag?post=24791"}],"curies":[{"name":"wp","href":"https:\/\/api.w.org\/{rel}","templated":true}]}}