{"id":2457,"date":"2026-03-12T00:06:14","date_gmt":"2026-03-11T23:06:14","guid":{"rendered":"http:\/\/antiquariat-steinbach.com\/rarebooks\/produkt\/hora-de-espana-revista-mensual\/"},"modified":"2026-03-12T00:06:15","modified_gmt":"2026-03-11T23:06:15","slug":"espana-hora-de-espana-revista-mensual","status":"publish","type":"product","link":"https:\/\/antiquariat-steinbach.com\/rarebooks\/produkt\/espana-hora-de-espana-revista-mensual\/","title":{"rendered":"Espa\u00f1a &#8211;   Hora de Espa\u00f1a. Revista mensual."},"content":{"rendered":"<p>Glash\u00fctten y Nendeln, Auvermann y Kraus, 1972.<\/p>\n<p>5 volumenes. 23 : 16 cm. 2140 p\u00e1ginas con alguna ilustraci\u00f3n Media piel original.<\/p>\n<p>380,00 EUR<\/p>\n","protected":false},"excerpt":{"rendered":"<p>La mas importante revista literaria de la Espa\u00f1a republicana, en la cual se manifesto la oposicion intelectual contra Franco. Fue publicado en Valencia en enero 1937 y finalico en Barcelona en octubre 1938. Con articolos de Antonio Machado, Jose Bergamin, Rafael Dieste. Damaso Alonso, Andres Idurate etc.  The journal was published in 1937 in Valencia until 1938 in Barcelona. Important publication of the socalled &#8222;Second republic&#8220; from the times of the Spanish Civil War, with contributions of authors which belonged mainly to the &#8222;generation of 1927&#8220; like Rafael Alberti, Vicente Alexandre (Nobel prize in 1977) Damasio Alonso, Manuel Altolaguirre, Luis Cernuda, Rafael Dieste, Ramon Gaya, Miguel Hernandez, Juan Ramon Jimenez (Nobel prize 1956), Antonio Machado, Miguel de Unamuno etc. Also contributions by Max Aub, Ilya Ehrenburg, Nicolas Guilen, Vicente Huidobro, Thomas Mann (Nobel prize 1929), Pablo Neruda (Nobel prize 1971) and Octavio Paz (Nobel prize 1990). &#8211; Perfect overview of the Anti-Franco movement in Spain during the Civil War.<\/p>\n","protected":false},"featured_media":0,"template":"","meta":[],"product_brand":[],"product_cat":[29,97,32,148,914],"product_tag":[],"class_list":{"0":"post-2457","1":"product","2":"type-product","3":"status-publish","5":"product_cat-20-jahrhundert","6":"product_cat-geschichte","7":"product_cat-literatur","8":"product_cat-spanien","9":"product_cat-zvab","11":"first","12":"instock","13":"purchasable","14":"product-type-simple"},"_links":{"self":[{"href":"https:\/\/antiquariat-steinbach.com\/rarebooks\/wp-json\/wp\/v2\/product\/2457","targetHints":{"allow":["GET"]}}],"collection":[{"href":"https:\/\/antiquariat-steinbach.com\/rarebooks\/wp-json\/wp\/v2\/product"}],"about":[{"href":"https:\/\/antiquariat-steinbach.com\/rarebooks\/wp-json\/wp\/v2\/types\/product"}],"version-history":[{"count":3,"href":"https:\/\/antiquariat-steinbach.com\/rarebooks\/wp-json\/wp\/v2\/product\/2457\/revisions"}],"predecessor-version":[{"id":19260,"href":"https:\/\/antiquariat-steinbach.com\/rarebooks\/wp-json\/wp\/v2\/product\/2457\/revisions\/19260"}],"wp:attachment":[{"href":"https:\/\/antiquariat-steinbach.com\/rarebooks\/wp-json\/wp\/v2\/media?parent=2457"}],"wp:term":[{"taxonomy":"product_brand","embeddable":true,"href":"https:\/\/antiquariat-steinbach.com\/rarebooks\/wp-json\/wp\/v2\/product_brand?post=2457"},{"taxonomy":"product_cat","embeddable":true,"href":"https:\/\/antiquariat-steinbach.com\/rarebooks\/wp-json\/wp\/v2\/product_cat?post=2457"},{"taxonomy":"product_tag","embeddable":true,"href":"https:\/\/antiquariat-steinbach.com\/rarebooks\/wp-json\/wp\/v2\/product_tag?post=2457"}],"curies":[{"name":"wp","href":"https:\/\/api.w.org\/{rel}","templated":true}]}}