{"id":2453,"date":"2026-03-12T00:06:14","date_gmt":"2026-03-11T23:06:14","guid":{"rendered":"http:\/\/antiquariat-steinbach.com\/rarebooks\/produkt\/bibliotheque-raphael-esmerian\/"},"modified":"2026-03-12T00:06:15","modified_gmt":"2026-03-11T23:06:15","slug":"esmerian-bibliotheque-raphael-esmerian","status":"publish","type":"product","link":"https:\/\/antiquariat-steinbach.com\/rarebooks\/produkt\/esmerian-bibliotheque-raphael-esmerian\/","title":{"rendered":"Esmerian: &#8211;  Biblioth\u00e8que Raphael Esmerian."},"content":{"rendered":"<p>Paris, Blaizot und Gu\u00e9rin 1973.<\/p>\n<p>32,5 : 25 cm. 4 Blatt, 195 Seiten, 1 Blatt 107 teils farbigen, montierten Abbildungen auf 92 Tafeln. Gr\u00fcner Original-Leinenband.<\/p>\n<p>150,00 EUR<\/p>\n","protected":false},"excerpt":{"rendered":"<p>Der ber\u00fchmte Katalog dieser einzigartigen Sammlung, die am 6. Juni 1973 im Pariser Palais Galliera zur Versteigerung gelangte. Einzigartiger in nur kleiner Auflage erschienener Luxis-Katalog mit einer F\u00fclle von montierte Grav\u00fcren nach den Originalen, viele davon nikate. Einer der sch\u00f6nsten und aufwendigsten Kataloge des 20. Jahhunderts, dessen Ausstattung dem einzigartigen Material entsprach.<\/p>\n","protected":false},"featured_media":24134,"template":"","meta":[],"product_brand":[],"product_cat":[280,99,914],"product_tag":[],"class_list":{"0":"post-2453","1":"product","2":"type-product","3":"status-publish","4":"has-post-thumbnail","6":"product_cat-bibliographie","7":"product_cat-buchwesen","8":"product_cat-zvab","10":"first","11":"instock","12":"purchasable","13":"product-type-simple"},"_links":{"self":[{"href":"https:\/\/antiquariat-steinbach.com\/rarebooks\/wp-json\/wp\/v2\/product\/2453","targetHints":{"allow":["GET"]}}],"collection":[{"href":"https:\/\/antiquariat-steinbach.com\/rarebooks\/wp-json\/wp\/v2\/product"}],"about":[{"href":"https:\/\/antiquariat-steinbach.com\/rarebooks\/wp-json\/wp\/v2\/types\/product"}],"version-history":[{"count":3,"href":"https:\/\/antiquariat-steinbach.com\/rarebooks\/wp-json\/wp\/v2\/product\/2453\/revisions"}],"predecessor-version":[{"id":19259,"href":"https:\/\/antiquariat-steinbach.com\/rarebooks\/wp-json\/wp\/v2\/product\/2453\/revisions\/19259"}],"wp:featuredmedia":[{"embeddable":true,"href":"https:\/\/antiquariat-steinbach.com\/rarebooks\/wp-json\/wp\/v2\/media\/24134"}],"wp:attachment":[{"href":"https:\/\/antiquariat-steinbach.com\/rarebooks\/wp-json\/wp\/v2\/media?parent=2453"}],"wp:term":[{"taxonomy":"product_brand","embeddable":true,"href":"https:\/\/antiquariat-steinbach.com\/rarebooks\/wp-json\/wp\/v2\/product_brand?post=2453"},{"taxonomy":"product_cat","embeddable":true,"href":"https:\/\/antiquariat-steinbach.com\/rarebooks\/wp-json\/wp\/v2\/product_cat?post=2453"},{"taxonomy":"product_tag","embeddable":true,"href":"https:\/\/antiquariat-steinbach.com\/rarebooks\/wp-json\/wp\/v2\/product_tag?post=2453"}],"curies":[{"name":"wp","href":"https:\/\/api.w.org\/{rel}","templated":true}]}}