{"id":24450,"date":"2026-03-12T00:12:30","date_gmt":"2026-03-11T23:12:30","guid":{"rendered":"https:\/\/antiquariat-steinbach.com\/rarebooks\/produkt\/kayser-christian-gottlieb-novus-index-locupletissimus-librorum-neues-buecherlexicon-enthaltend-alle-von-1841-bis-ende-des-jahres-1846-gedruckten-buecher-nebst-nachtraegen-und-berichtigungen-f\/"},"modified":"2026-03-12T00:12:30","modified_gmt":"2026-03-11T23:12:30","slug":"kayser-christian-gottlieb-novus-index-locupletissimus-librorum-neues-buecherlexicon-enthaltend-alle-von-1841-bis-ende-des-jahres-1846-gedruckten-buecher-nebst-nachtraegen-und-berichtigungen-f","status":"publish","type":"product","link":"https:\/\/antiquariat-steinbach.com\/rarebooks\/produkt\/kayser-christian-gottlieb-novus-index-locupletissimus-librorum-neues-buecherlexicon-enthaltend-alle-von-1841-bis-ende-des-jahres-1846-gedruckten-buecher-nebst-nachtraegen-und-berichtigungen-f\/","title":{"rendered":"Kayser, Christian Gottlieb. &#8211;  Novus Index locupletissimus librorum&#8230;Neues B\u00fccher=Lexicon enthaltend alle von 1841 bis Ende des Jahres 1846  gedruckten B\u00fccher nebst Nachtr\u00e4gen und Berichtigungen fr\u00fcherer Erscheinungen.."},"content":{"rendered":"<p>Leipzig, Weigel, 1848.<\/p>\n<p>2 B\u00e4nde. 28 : 21 cm. 2 Blatt, 571 Seiten. Etwas sp\u00e4terer Halbleinen-Band.<\/p>\n<p>15,00 EUR<\/p>\n","protected":false},"excerpt":{"rendered":"<p>Leipzig, Weigel, 1848. 2 B\u00e4nde. 28 : 21 cm. 2 Blatt, 571 Seiten. Etwas sp\u00e4terer Halbleinen-Band. 15,00 EUR<\/p>\n","protected":false},"featured_media":0,"template":"","meta":[],"product_brand":[],"product_cat":[280,74,468,914],"product_tag":[],"class_list":{"0":"post-24450","1":"product","2":"type-product","3":"status-publish","5":"product_cat-bibliographie","6":"product_cat-deutschland","7":"product_cat-druck","8":"product_cat-zvab","10":"first","11":"instock","12":"purchasable","13":"product-type-simple"},"_links":{"self":[{"href":"https:\/\/antiquariat-steinbach.com\/rarebooks\/wp-json\/wp\/v2\/product\/24450","targetHints":{"allow":["GET"]}}],"collection":[{"href":"https:\/\/antiquariat-steinbach.com\/rarebooks\/wp-json\/wp\/v2\/product"}],"about":[{"href":"https:\/\/antiquariat-steinbach.com\/rarebooks\/wp-json\/wp\/v2\/types\/product"}],"version-history":[{"count":1,"href":"https:\/\/antiquariat-steinbach.com\/rarebooks\/wp-json\/wp\/v2\/product\/24450\/revisions"}],"predecessor-version":[{"id":24451,"href":"https:\/\/antiquariat-steinbach.com\/rarebooks\/wp-json\/wp\/v2\/product\/24450\/revisions\/24451"}],"wp:attachment":[{"href":"https:\/\/antiquariat-steinbach.com\/rarebooks\/wp-json\/wp\/v2\/media?parent=24450"}],"wp:term":[{"taxonomy":"product_brand","embeddable":true,"href":"https:\/\/antiquariat-steinbach.com\/rarebooks\/wp-json\/wp\/v2\/product_brand?post=24450"},{"taxonomy":"product_cat","embeddable":true,"href":"https:\/\/antiquariat-steinbach.com\/rarebooks\/wp-json\/wp\/v2\/product_cat?post=24450"},{"taxonomy":"product_tag","embeddable":true,"href":"https:\/\/antiquariat-steinbach.com\/rarebooks\/wp-json\/wp\/v2\/product_tag?post=24450"}],"curies":[{"name":"wp","href":"https:\/\/api.w.org\/{rel}","templated":true}]}}