{"id":23711,"date":"2026-03-12T00:17:00","date_gmt":"2026-03-11T23:17:00","guid":{"rendered":"https:\/\/antiquariat-steinbach.com\/rarebooks\/produkt\/muenchner-fliegende-blaetter-kalender-fuer-1889-1890-1896-1897-1899-1900-1905\/"},"modified":"2026-03-12T00:17:01","modified_gmt":"2026-03-11T23:17:01","slug":"muenchner-fliegende-blaetter-kalender-fuer-1889-1890-1896-1897-1899-1900-1905","status":"publish","type":"product","link":"https:\/\/antiquariat-steinbach.com\/rarebooks\/produkt\/muenchner-fliegende-blaetter-kalender-fuer-1889-1890-1896-1897-1899-1900-1905\/","title":{"rendered":"M\u00fcnchner Fliegende Bl\u00e4tter. Kalender f\u00fcr 1889, 1890, 1896, 1897, 1899, 1900, 1905."},"content":{"rendered":"<p>Munich, Braun &#038; Schneider, 1890 &#8211; 1905.<\/p>\n<p>7 volumes. 20,5 : 14,5 cm. Each 112 pages with many illustrations. Coloured illustrated original boards.<\/p>\n<p>50,00 EUR<\/p>\n","protected":false},"excerpt":{"rendered":"<p>A bit rubbed and dusty.<\/p>\n","protected":false},"featured_media":0,"template":"","meta":[],"product_brand":[],"product_cat":[116,43,117,32,914],"product_tag":[],"class_list":{"0":"post-23711","1":"product","2":"type-product","3":"status-publish","5":"product_cat-bavarica","6":"product_cat-illustrierte-buecher","7":"product_cat-kalender","8":"product_cat-literatur","9":"product_cat-zvab","11":"first","12":"instock","13":"purchasable","14":"product-type-simple"},"_links":{"self":[{"href":"https:\/\/antiquariat-steinbach.com\/rarebooks\/wp-json\/wp\/v2\/product\/23711","targetHints":{"allow":["GET"]}}],"collection":[{"href":"https:\/\/antiquariat-steinbach.com\/rarebooks\/wp-json\/wp\/v2\/product"}],"about":[{"href":"https:\/\/antiquariat-steinbach.com\/rarebooks\/wp-json\/wp\/v2\/types\/product"}],"version-history":[{"count":1,"href":"https:\/\/antiquariat-steinbach.com\/rarebooks\/wp-json\/wp\/v2\/product\/23711\/revisions"}],"predecessor-version":[{"id":23712,"href":"https:\/\/antiquariat-steinbach.com\/rarebooks\/wp-json\/wp\/v2\/product\/23711\/revisions\/23712"}],"wp:attachment":[{"href":"https:\/\/antiquariat-steinbach.com\/rarebooks\/wp-json\/wp\/v2\/media?parent=23711"}],"wp:term":[{"taxonomy":"product_brand","embeddable":true,"href":"https:\/\/antiquariat-steinbach.com\/rarebooks\/wp-json\/wp\/v2\/product_brand?post=23711"},{"taxonomy":"product_cat","embeddable":true,"href":"https:\/\/antiquariat-steinbach.com\/rarebooks\/wp-json\/wp\/v2\/product_cat?post=23711"},{"taxonomy":"product_tag","embeddable":true,"href":"https:\/\/antiquariat-steinbach.com\/rarebooks\/wp-json\/wp\/v2\/product_tag?post=23711"}],"curies":[{"name":"wp","href":"https:\/\/api.w.org\/{rel}","templated":true}]}}