{"id":23705,"date":"2026-03-12T00:17:00","date_gmt":"2026-03-11T23:17:00","guid":{"rendered":"https:\/\/antiquariat-steinbach.com\/rarebooks\/produkt\/muenchhausen-buerger-gottfried-august-wunderbare-reisen-zu-wasser-und-zu-lande-des-freiherrn-von-muenchhausen\/"},"modified":"2026-03-12T00:17:01","modified_gmt":"2026-03-11T23:17:01","slug":"muenchhausen-buerger-gottfried-august-wunderbare-reisen-zu-wasser-und-zu-lande-des-freiherrn-von-muenchhausen","status":"publish","type":"product","link":"https:\/\/antiquariat-steinbach.com\/rarebooks\/produkt\/muenchhausen-buerger-gottfried-august-wunderbare-reisen-zu-wasser-und-zu-lande-des-freiherrn-von-muenchhausen\/","title":{"rendered":"M\u00fcnchhausen &#8211;   B\u00fcrger, Gottfried August: &#8211;  Wunderbare Reisen zu Wasser und zu Lande &#8230;des Freiherrn von M\u00fcnchhausen."},"content":{"rendered":"<p>Leipzig, Insel (1914).<\/p>\n<p>19 : 12,5 cm. 105 Seiten Original-Pappband.<\/p>\n<p>8,00 EUR<\/p>\n","protected":false},"excerpt":{"rendered":"<p>Insel-B\u00fccherei Band 7. &#8211; Wackermann I, 102.<\/p>\n","protected":false},"featured_media":27956,"template":"","meta":[],"product_brand":[],"product_cat":[219,32,914],"product_tag":[],"class_list":{"0":"post-23705","1":"product","2":"type-product","3":"status-publish","4":"has-post-thumbnail","6":"product_cat-insel-verlag","7":"product_cat-literatur","8":"product_cat-zvab","10":"first","11":"instock","12":"purchasable","13":"product-type-simple"},"_links":{"self":[{"href":"https:\/\/antiquariat-steinbach.com\/rarebooks\/wp-json\/wp\/v2\/product\/23705","targetHints":{"allow":["GET"]}}],"collection":[{"href":"https:\/\/antiquariat-steinbach.com\/rarebooks\/wp-json\/wp\/v2\/product"}],"about":[{"href":"https:\/\/antiquariat-steinbach.com\/rarebooks\/wp-json\/wp\/v2\/types\/product"}],"version-history":[{"count":1,"href":"https:\/\/antiquariat-steinbach.com\/rarebooks\/wp-json\/wp\/v2\/product\/23705\/revisions"}],"predecessor-version":[{"id":23706,"href":"https:\/\/antiquariat-steinbach.com\/rarebooks\/wp-json\/wp\/v2\/product\/23705\/revisions\/23706"}],"wp:featuredmedia":[{"embeddable":true,"href":"https:\/\/antiquariat-steinbach.com\/rarebooks\/wp-json\/wp\/v2\/media\/27956"}],"wp:attachment":[{"href":"https:\/\/antiquariat-steinbach.com\/rarebooks\/wp-json\/wp\/v2\/media?parent=23705"}],"wp:term":[{"taxonomy":"product_brand","embeddable":true,"href":"https:\/\/antiquariat-steinbach.com\/rarebooks\/wp-json\/wp\/v2\/product_brand?post=23705"},{"taxonomy":"product_cat","embeddable":true,"href":"https:\/\/antiquariat-steinbach.com\/rarebooks\/wp-json\/wp\/v2\/product_cat?post=23705"},{"taxonomy":"product_tag","embeddable":true,"href":"https:\/\/antiquariat-steinbach.com\/rarebooks\/wp-json\/wp\/v2\/product_tag?post=23705"}],"curies":[{"name":"wp","href":"https:\/\/api.w.org\/{rel}","templated":true}]}}