{"id":23693,"date":"2026-03-12T00:17:00","date_gmt":"2026-03-11T23:17:00","guid":{"rendered":"https:\/\/antiquariat-steinbach.com\/rarebooks\/produkt\/muenchen-im-bild\/"},"modified":"2026-03-12T00:17:00","modified_gmt":"2026-03-11T23:17:00","slug":"muenchen-im-bild","status":"publish","type":"product","link":"https:\/\/antiquariat-steinbach.com\/rarebooks\/produkt\/muenchen-im-bild\/","title":{"rendered":"M\u00fcnchen im Bild: &#8211;"},"content":{"rendered":"<p>M\u00fcnchen, Monachia o.J. (um 1908).<\/p>\n<p>28 : 34 cm. 47 Ansichten nach Naturaufnahmen in Photographiedruck. Farbig illustrierter Original-Halbleinenband von O. Gearke.<\/p>\n<p>28,00 EUR<\/p>\n","protected":false},"excerpt":{"rendered":"<p>Mit Ansichten der wichtigsten Geb\u00e4ude un Pl\u00c4tze M\u00fcnchens.<\/p>\n","protected":false},"featured_media":23695,"template":"","meta":[],"product_brand":[],"product_cat":[116,73,65,106,914],"product_tag":[],"class_list":{"0":"post-23693","1":"product","2":"type-product","3":"status-publish","4":"has-post-thumbnail","6":"product_cat-bavarica","7":"product_cat-bayern","8":"product_cat-geographie","9":"product_cat-photographie","10":"product_cat-zvab","12":"first","13":"instock","14":"purchasable","15":"product-type-simple"},"_links":{"self":[{"href":"https:\/\/antiquariat-steinbach.com\/rarebooks\/wp-json\/wp\/v2\/product\/23693","targetHints":{"allow":["GET"]}}],"collection":[{"href":"https:\/\/antiquariat-steinbach.com\/rarebooks\/wp-json\/wp\/v2\/product"}],"about":[{"href":"https:\/\/antiquariat-steinbach.com\/rarebooks\/wp-json\/wp\/v2\/types\/product"}],"version-history":[{"count":1,"href":"https:\/\/antiquariat-steinbach.com\/rarebooks\/wp-json\/wp\/v2\/product\/23693\/revisions"}],"predecessor-version":[{"id":23694,"href":"https:\/\/antiquariat-steinbach.com\/rarebooks\/wp-json\/wp\/v2\/product\/23693\/revisions\/23694"}],"wp:featuredmedia":[{"embeddable":true,"href":"https:\/\/antiquariat-steinbach.com\/rarebooks\/wp-json\/wp\/v2\/media\/23695"}],"wp:attachment":[{"href":"https:\/\/antiquariat-steinbach.com\/rarebooks\/wp-json\/wp\/v2\/media?parent=23693"}],"wp:term":[{"taxonomy":"product_brand","embeddable":true,"href":"https:\/\/antiquariat-steinbach.com\/rarebooks\/wp-json\/wp\/v2\/product_brand?post=23693"},{"taxonomy":"product_cat","embeddable":true,"href":"https:\/\/antiquariat-steinbach.com\/rarebooks\/wp-json\/wp\/v2\/product_cat?post=23693"},{"taxonomy":"product_tag","embeddable":true,"href":"https:\/\/antiquariat-steinbach.com\/rarebooks\/wp-json\/wp\/v2\/product_tag?post=23693"}],"curies":[{"name":"wp","href":"https:\/\/api.w.org\/{rel}","templated":true}]}}