{"id":23571,"date":"2026-03-12T00:04:53","date_gmt":"2026-03-11T23:04:53","guid":{"rendered":"https:\/\/antiquariat-steinbach.com\/rarebooks\/produkt\/ehrenstein-august-miniturgemaelde-aus-der-laender-und-voelkerkunde\/"},"modified":"2026-03-12T00:04:55","modified_gmt":"2026-03-11T23:04:55","slug":"ehrenstein-august-miniturgemaelde-aus-der-laender-und-voelkerkunde","status":"publish","type":"product","link":"https:\/\/antiquariat-steinbach.com\/rarebooks\/produkt\/ehrenstein-august-miniturgemaelde-aus-der-laender-und-voelkerkunde\/","title":{"rendered":"Ehrenstein, August: &#8211;  Miniturgem\u00e4lde aus der L\u00e4nder- und V\u00f6lkerkunde."},"content":{"rendered":"<p>Pest, Hartleben 1816.<\/p>\n<p>6 volumes. 15 : 9,5 cm. With 110 partly folded, engraved plates. Contemporary boards, spine a bit gilt, back lable.<\/p>\n<p>800,00 EUR<\/p>\n","protected":false},"excerpt":{"rendered":"<p>The beatiful engravings show cities, places, buildings, cotums, scenes from daily life etc. Complete as here, rare. &#8211; Binding a bit rubbed.<\/p>\n","protected":false},"featured_media":23572,"template":"","meta":[],"product_brand":[],"product_cat":[65,180,914],"product_tag":[],"class_list":{"0":"post-23571","1":"product","2":"type-product","3":"status-publish","4":"has-post-thumbnail","6":"product_cat-geographie","7":"product_cat-russland","8":"product_cat-zvab","10":"first","11":"instock","12":"purchasable","13":"product-type-simple"},"_links":{"self":[{"href":"https:\/\/antiquariat-steinbach.com\/rarebooks\/wp-json\/wp\/v2\/product\/23571","targetHints":{"allow":["GET"]}}],"collection":[{"href":"https:\/\/antiquariat-steinbach.com\/rarebooks\/wp-json\/wp\/v2\/product"}],"about":[{"href":"https:\/\/antiquariat-steinbach.com\/rarebooks\/wp-json\/wp\/v2\/types\/product"}],"version-history":[{"count":1,"href":"https:\/\/antiquariat-steinbach.com\/rarebooks\/wp-json\/wp\/v2\/product\/23571\/revisions"}],"predecessor-version":[{"id":23847,"href":"https:\/\/antiquariat-steinbach.com\/rarebooks\/wp-json\/wp\/v2\/product\/23571\/revisions\/23847"}],"wp:featuredmedia":[{"embeddable":true,"href":"https:\/\/antiquariat-steinbach.com\/rarebooks\/wp-json\/wp\/v2\/media\/23572"}],"wp:attachment":[{"href":"https:\/\/antiquariat-steinbach.com\/rarebooks\/wp-json\/wp\/v2\/media?parent=23571"}],"wp:term":[{"taxonomy":"product_brand","embeddable":true,"href":"https:\/\/antiquariat-steinbach.com\/rarebooks\/wp-json\/wp\/v2\/product_brand?post=23571"},{"taxonomy":"product_cat","embeddable":true,"href":"https:\/\/antiquariat-steinbach.com\/rarebooks\/wp-json\/wp\/v2\/product_cat?post=23571"},{"taxonomy":"product_tag","embeddable":true,"href":"https:\/\/antiquariat-steinbach.com\/rarebooks\/wp-json\/wp\/v2\/product_tag?post=23571"}],"curies":[{"name":"wp","href":"https:\/\/api.w.org\/{rel}","templated":true}]}}