{"id":23235,"date":"2026-03-28T00:00:13","date_gmt":"2026-03-27T23:00:13","guid":{"rendered":"https:\/\/antiquariat-steinbach.com\/rarebooks\/produkt\/t-goetz-andreas-kurze-einleitung-zur-alten-geographie-damit-so-wol-die-heilige-schrift-als-auch-die-griechischen-und-lateinischen-historici-koennen-ohne-sonderbahre-muehe-und-mit-groessern-n\/"},"modified":"2026-03-28T00:00:13","modified_gmt":"2026-03-27T23:00:13","slug":"goetz-andreas-kurze-einleitung-zur-alten-geographie-damit-so-wol-die-heilige-schrift-als-auch-die-griechischen-und-lateinischen-historici-koennen-ohne-sonderbahre-muehe-und-mit-groessern-nutzen","status":"publish","type":"product","link":"https:\/\/antiquariat-steinbach.com\/rarebooks\/produkt\/goetz-andreas-kurze-einleitung-zur-alten-geographie-damit-so-wol-die-heilige-schrift-als-auch-die-griechischen-und-lateinischen-historici-koennen-ohne-sonderbahre-muehe-und-mit-groessern-nutzen\/","title":{"rendered":"G\u00f6tz, Andreas. &#8211;  Kurze Einleitung zur Alten Geographie damit so wol Die Heilige Schrift, als auch Die Griechischen und Lateinischen Historici k\u00f6nnen ohne sonderbahre M\u00fche und mit gr\u00f6ssern Nutzen gelesen werden."},"content":{"rendered":"<p>N\u00fcrnberg, Weigel, 1729.<\/p>\n<p>19 : 11,5 cm. 48 pages, 8 leaves, with 10 double-pages engraved maps in contemporary colouring. Contemporary boards.<\/p>\n<p>1950,00 EUR<\/p>\n","protected":false},"excerpt":{"rendered":"<p>First edition. &#8211; Very rare little atlas with interesting maps of Europe, Spain, France, Italy, Greece, Germany, Asie minor, Syria and Palaestinena and Africa. Each map with a little cartouche and in contemporary colouring. The double-page title printed in red and black.<\/p>\n","protected":false},"featured_media":23237,"template":"","meta":[],"product_brand":[],"product_cat":[138,65,914],"product_tag":[],"class_list":{"0":"post-23235","1":"product","2":"type-product","3":"status-publish","4":"has-post-thumbnail","6":"product_cat-atlanten","7":"product_cat-geographie","8":"product_cat-zvab","10":"first","11":"instock","12":"purchasable","13":"product-type-simple"},"_links":{"self":[{"href":"https:\/\/antiquariat-steinbach.com\/rarebooks\/wp-json\/wp\/v2\/product\/23235","targetHints":{"allow":["GET"]}}],"collection":[{"href":"https:\/\/antiquariat-steinbach.com\/rarebooks\/wp-json\/wp\/v2\/product"}],"about":[{"href":"https:\/\/antiquariat-steinbach.com\/rarebooks\/wp-json\/wp\/v2\/types\/product"}],"version-history":[{"count":2,"href":"https:\/\/antiquariat-steinbach.com\/rarebooks\/wp-json\/wp\/v2\/product\/23235\/revisions"}],"predecessor-version":[{"id":23600,"href":"https:\/\/antiquariat-steinbach.com\/rarebooks\/wp-json\/wp\/v2\/product\/23235\/revisions\/23600"}],"wp:featuredmedia":[{"embeddable":true,"href":"https:\/\/antiquariat-steinbach.com\/rarebooks\/wp-json\/wp\/v2\/media\/23237"}],"wp:attachment":[{"href":"https:\/\/antiquariat-steinbach.com\/rarebooks\/wp-json\/wp\/v2\/media?parent=23235"}],"wp:term":[{"taxonomy":"product_brand","embeddable":true,"href":"https:\/\/antiquariat-steinbach.com\/rarebooks\/wp-json\/wp\/v2\/product_brand?post=23235"},{"taxonomy":"product_cat","embeddable":true,"href":"https:\/\/antiquariat-steinbach.com\/rarebooks\/wp-json\/wp\/v2\/product_cat?post=23235"},{"taxonomy":"product_tag","embeddable":true,"href":"https:\/\/antiquariat-steinbach.com\/rarebooks\/wp-json\/wp\/v2\/product_tag?post=23235"}],"curies":[{"name":"wp","href":"https:\/\/api.w.org\/{rel}","templated":true}]}}