{"id":23127,"date":"2026-03-12T00:12:18","date_gmt":"2026-03-11T23:12:18","guid":{"rendered":"https:\/\/antiquariat-steinbach.com\/rarebooks\/produkt\/jungnickel-ludwig-heinrich-attributed-studies-for-horse-riding\/"},"modified":"2026-03-12T00:12:20","modified_gmt":"2026-03-11T23:12:20","slug":"jungnickel-ludwig-heinrich-attributed-studies-for-horse-riding","status":"publish","type":"product","link":"https:\/\/antiquariat-steinbach.com\/rarebooks\/produkt\/jungnickel-ludwig-heinrich-attributed-studies-for-horse-riding\/","title":{"rendered":"Jungnickel, Ludwig Heinrich (attributed). &#8211;  Studies for horse-riding."},"content":{"rendered":"<p>Vienna, ca.<\/p>\n<p>37 : 44 cm. 7 charcoral drawings on thins paper.<\/p>\n<p>140,00 EUR<\/p>\n","protected":false},"excerpt":{"rendered":"<p>Seven sketches of horses some with horseman. &#8211; Jungnickel, bekannt f\u00fcr seine detailreichen Darstellungen von Tieren, f\u00e4ngt die majest\u00e4tische Sch\u00f6nheit und das nat\u00fcrliche Verhalten seiner Motive in einzigartiger Weise ein. Seine Arbeiten zeichnen sich durch eine meisterhafte Technik und ein au\u00dfergew\u00f6hnliches Gesp\u00fcr f\u00fcr Formen und Proportionen aus, was sie zu echten Sammlerst\u00fccken macht. Besonders die Tierzeichnungen sind nicht nur k\u00fcnstlerisch wertvoll. &#8211;  Paper partly wrinkles, specially at the edges.<\/p>\n","protected":false},"featured_media":23128,"template":"","meta":[],"product_brand":[],"product_cat":[316,244,154,914],"product_tag":[],"class_list":{"0":"post-23127","1":"product","2":"type-product","3":"status-publish","4":"has-post-thumbnail","6":"product_cat-pferde","7":"product_cat-sport","8":"product_cat-zeichnungen","9":"product_cat-zvab","11":"first","12":"instock","13":"purchasable","14":"product-type-simple"},"_links":{"self":[{"href":"https:\/\/antiquariat-steinbach.com\/rarebooks\/wp-json\/wp\/v2\/product\/23127","targetHints":{"allow":["GET"]}}],"collection":[{"href":"https:\/\/antiquariat-steinbach.com\/rarebooks\/wp-json\/wp\/v2\/product"}],"about":[{"href":"https:\/\/antiquariat-steinbach.com\/rarebooks\/wp-json\/wp\/v2\/types\/product"}],"version-history":[{"count":2,"href":"https:\/\/antiquariat-steinbach.com\/rarebooks\/wp-json\/wp\/v2\/product\/23127\/revisions"}],"predecessor-version":[{"id":27801,"href":"https:\/\/antiquariat-steinbach.com\/rarebooks\/wp-json\/wp\/v2\/product\/23127\/revisions\/27801"}],"wp:featuredmedia":[{"embeddable":true,"href":"https:\/\/antiquariat-steinbach.com\/rarebooks\/wp-json\/wp\/v2\/media\/23128"}],"wp:attachment":[{"href":"https:\/\/antiquariat-steinbach.com\/rarebooks\/wp-json\/wp\/v2\/media?parent=23127"}],"wp:term":[{"taxonomy":"product_brand","embeddable":true,"href":"https:\/\/antiquariat-steinbach.com\/rarebooks\/wp-json\/wp\/v2\/product_brand?post=23127"},{"taxonomy":"product_cat","embeddable":true,"href":"https:\/\/antiquariat-steinbach.com\/rarebooks\/wp-json\/wp\/v2\/product_cat?post=23127"},{"taxonomy":"product_tag","embeddable":true,"href":"https:\/\/antiquariat-steinbach.com\/rarebooks\/wp-json\/wp\/v2\/product_tag?post=23127"}],"curies":[{"name":"wp","href":"https:\/\/api.w.org\/{rel}","templated":true}]}}