{"id":2271,"date":"2026-03-12T00:04:57","date_gmt":"2026-03-11T23:04:57","guid":{"rendered":"http:\/\/antiquariat-steinbach.com\/rarebooks\/produkt\/an-meine-voelker\/"},"modified":"2026-03-12T00:04:58","modified_gmt":"2026-03-11T23:04:58","slug":"einblattdruck-an-meine-voelker","status":"publish","type":"product","link":"https:\/\/antiquariat-steinbach.com\/rarebooks\/produkt\/einblattdruck-an-meine-voelker\/","title":{"rendered":"Einblattdruck &#8211;   An meine V\u00f6lker!"},"content":{"rendered":"<p>Wien, 1927.<\/p>\n<p>45 : 31,5 cm. 1 Blatt.<\/p>\n<p>120,00 EUR<\/p>\n","protected":false},"excerpt":{"rendered":"<p>Ank\u00fcndigung f\u00fcr das Wiener Montagsblatt &#8222;Der Morgen&#8220;. Es publiziert in seiner n\u00e4chsten Nummer  sensationelle Dokumente aus den Geheimarchiven der alten Monarchie \u00fcber den ersten Weltkrieg. &#8211; Papierbedingt gebr\u00e4unt, gefaltet.<\/p>\n","protected":false},"featured_media":14425,"template":"","meta":[],"product_brand":[],"product_cat":[71,97,264,914],"product_tag":[],"class_list":{"0":"post-2271","1":"product","2":"type-product","3":"status-publish","4":"has-post-thumbnail","6":"product_cat-austriaca","7":"product_cat-geschichte","8":"product_cat-militaria","9":"product_cat-zvab","11":"first","12":"instock","13":"purchasable","14":"product-type-simple"},"_links":{"self":[{"href":"https:\/\/antiquariat-steinbach.com\/rarebooks\/wp-json\/wp\/v2\/product\/2271","targetHints":{"allow":["GET"]}}],"collection":[{"href":"https:\/\/antiquariat-steinbach.com\/rarebooks\/wp-json\/wp\/v2\/product"}],"about":[{"href":"https:\/\/antiquariat-steinbach.com\/rarebooks\/wp-json\/wp\/v2\/types\/product"}],"version-history":[{"count":3,"href":"https:\/\/antiquariat-steinbach.com\/rarebooks\/wp-json\/wp\/v2\/product\/2271\/revisions"}],"predecessor-version":[{"id":19182,"href":"https:\/\/antiquariat-steinbach.com\/rarebooks\/wp-json\/wp\/v2\/product\/2271\/revisions\/19182"}],"wp:featuredmedia":[{"embeddable":true,"href":"https:\/\/antiquariat-steinbach.com\/rarebooks\/wp-json\/wp\/v2\/media\/14425"}],"wp:attachment":[{"href":"https:\/\/antiquariat-steinbach.com\/rarebooks\/wp-json\/wp\/v2\/media?parent=2271"}],"wp:term":[{"taxonomy":"product_brand","embeddable":true,"href":"https:\/\/antiquariat-steinbach.com\/rarebooks\/wp-json\/wp\/v2\/product_brand?post=2271"},{"taxonomy":"product_cat","embeddable":true,"href":"https:\/\/antiquariat-steinbach.com\/rarebooks\/wp-json\/wp\/v2\/product_cat?post=2271"},{"taxonomy":"product_tag","embeddable":true,"href":"https:\/\/antiquariat-steinbach.com\/rarebooks\/wp-json\/wp\/v2\/product_tag?post=2271"}],"curies":[{"name":"wp","href":"https:\/\/api.w.org\/{rel}","templated":true}]}}