{"id":22648,"date":"2026-03-12T00:22:31","date_gmt":"2026-03-11T23:22:31","guid":{"rendered":"https:\/\/antiquariat-steinbach.com\/rarebooks\/produkt\/schwarz-ignaz-wiener-strassenbilder-im-zeitalter-des-rokoko-wie-wiener-ansichten-von-schuetz-ziegler-janscha-1779-1798-beschreibendes-verzeichnis\/"},"modified":"2026-03-12T00:22:32","modified_gmt":"2026-03-11T23:22:32","slug":"schwarz-ignaz-wiener-strassenbilder-im-zeitalter-des-rokoko-wie-wiener-ansichten-von-schuetz-ziegler-janscha-1779-1798-beschreibendes-verzeichnis","status":"publish","type":"product","link":"https:\/\/antiquariat-steinbach.com\/rarebooks\/produkt\/schwarz-ignaz-wiener-strassenbilder-im-zeitalter-des-rokoko-wie-wiener-ansichten-von-schuetz-ziegler-janscha-1779-1798-beschreibendes-verzeichnis\/","title":{"rendered":"Schwarz, Ignaz. &#8211;  Wiener Strassenbilder im Zeitalter des Rokoko. Wie Wiener Ansichten von Sch\u00fctz, Ziegler, Janscha 1779 &#8211; 1798. Beschreibendes Verzeichnis."},"content":{"rendered":"<p>Wien, Gilhofer &#038; Ranschburg,  1914.<\/p>\n<p>34,5 : 27 cm. XLVI, 101 Seiten, 4 Blatt, mit 57 (6 farbigen) heliograv\u00fcren und 250 Textillustrationen. Dunkelroter Original-Maroquinband mit reichster R\u00fccken- und Deckelvergoldung, Steh- und Innenkanterfileten, Kopfgoldschnitt, marmorierte Vors\u00e4tze, in Original Papp-Schuber.<\/p>\n<p>1500,00 EUR<\/p>\n","protected":false},"excerpt":{"rendered":"<p>Das gesuchte Standardwerk in einem makellosen, herrlichen Maroquin-Einband mit reichster Vergoldung. &#8211; Eines von  nur 300 nummerierten Exemplaren der einmaligen Auflage. Noch heute wichtiges Werk zur Zustandsbestimmung der Wiener Answichten von Sch\u00fctz, Ziegler und Janscha. &#8211; Schuber an den Kanten teils gering berieben, sonst in einem selten anzutreffenden. tadellosem Zustand.<\/p>\n","protected":false},"featured_media":0,"template":"","meta":[],"product_brand":[],"product_cat":[83,71,90,914],"product_tag":[],"class_list":{"0":"post-22648","1":"product","2":"type-product","3":"status-publish","5":"product_cat-ansichten","6":"product_cat-austriaca","7":"product_cat-viennensia","8":"product_cat-zvab","10":"first","11":"instock","12":"purchasable","13":"product-type-simple"},"_links":{"self":[{"href":"https:\/\/antiquariat-steinbach.com\/rarebooks\/wp-json\/wp\/v2\/product\/22648","targetHints":{"allow":["GET"]}}],"collection":[{"href":"https:\/\/antiquariat-steinbach.com\/rarebooks\/wp-json\/wp\/v2\/product"}],"about":[{"href":"https:\/\/antiquariat-steinbach.com\/rarebooks\/wp-json\/wp\/v2\/types\/product"}],"version-history":[{"count":1,"href":"https:\/\/antiquariat-steinbach.com\/rarebooks\/wp-json\/wp\/v2\/product\/22648\/revisions"}],"predecessor-version":[{"id":22649,"href":"https:\/\/antiquariat-steinbach.com\/rarebooks\/wp-json\/wp\/v2\/product\/22648\/revisions\/22649"}],"wp:attachment":[{"href":"https:\/\/antiquariat-steinbach.com\/rarebooks\/wp-json\/wp\/v2\/media?parent=22648"}],"wp:term":[{"taxonomy":"product_brand","embeddable":true,"href":"https:\/\/antiquariat-steinbach.com\/rarebooks\/wp-json\/wp\/v2\/product_brand?post=22648"},{"taxonomy":"product_cat","embeddable":true,"href":"https:\/\/antiquariat-steinbach.com\/rarebooks\/wp-json\/wp\/v2\/product_cat?post=22648"},{"taxonomy":"product_tag","embeddable":true,"href":"https:\/\/antiquariat-steinbach.com\/rarebooks\/wp-json\/wp\/v2\/product_tag?post=22648"}],"curies":[{"name":"wp","href":"https:\/\/api.w.org\/{rel}","templated":true}]}}