{"id":2209,"date":"2026-03-12T00:04:06","date_gmt":"2026-03-11T23:04:06","guid":{"rendered":"http:\/\/antiquariat-steinbach.com\/rarebooks\/produkt\/eberts-naturlehre\/"},"modified":"2026-03-12T00:04:06","modified_gmt":"2026-03-11T23:04:06","slug":"childrens-ebert-eberts-naturlehre","status":"publish","type":"product","link":"https:\/\/antiquariat-steinbach.com\/rarebooks\/produkt\/childrens-ebert-eberts-naturlehre\/","title":{"rendered":"Children&#8217;s &#8211;   Ebert. &#8211;  Eberts Naturlehre."},"content":{"rendered":"<p>Troppau, Tra\u00dfler, 1785.<\/p>\n<p>3 volumes. With engraved, coloured frontispiece and 49 engraved coloured plates. Contemporary half calf on 5 raised bands, 2 coloured back labels.<\/p>\n<p>650,00 EUR<\/p>\n","protected":false},"excerpt":{"rendered":"<p>&#8230;Ebert versucht mit seinem Werk, einen systematischen Abri\u00df der gesamten Naturlehre und Naturgeschichte f\u00fcr Kinder zu liefern&#8230;Sowohl inhaltlich als auch formal bem\u00fcht sich Ebert, den Kindern den Stoff in einer leichten und fa\u00dfl\u00f6ichen From zu pr\u00e4sentieren&#8230; (Br\u00fcggemann\/Ewers Sp. 1010 ff.). &#8211; The plates show butterflies, fisches, birds, plantes and some physical and astronomical experiments. The book is for children between 10 and 12 years old. &#8211; Wegehaupt I, 515 (Ausgabe Leipzig).<\/p>\n","protected":false},"featured_media":16505,"template":"","meta":[],"product_brand":[],"product_cat":[37,60,183,98,914],"product_tag":[],"class_list":{"0":"post-2209","1":"product","2":"type-product","3":"status-publish","4":"has-post-thumbnail","6":"product_cat-botanik","7":"product_cat-kinderbuecher","8":"product_cat-physik","9":"product_cat-zoologie","10":"product_cat-zvab","12":"first","13":"instock","14":"purchasable","15":"product-type-simple"},"_links":{"self":[{"href":"https:\/\/antiquariat-steinbach.com\/rarebooks\/wp-json\/wp\/v2\/product\/2209","targetHints":{"allow":["GET"]}}],"collection":[{"href":"https:\/\/antiquariat-steinbach.com\/rarebooks\/wp-json\/wp\/v2\/product"}],"about":[{"href":"https:\/\/antiquariat-steinbach.com\/rarebooks\/wp-json\/wp\/v2\/types\/product"}],"version-history":[{"count":4,"href":"https:\/\/antiquariat-steinbach.com\/rarebooks\/wp-json\/wp\/v2\/product\/2209\/revisions"}],"predecessor-version":[{"id":18949,"href":"https:\/\/antiquariat-steinbach.com\/rarebooks\/wp-json\/wp\/v2\/product\/2209\/revisions\/18949"}],"wp:featuredmedia":[{"embeddable":true,"href":"https:\/\/antiquariat-steinbach.com\/rarebooks\/wp-json\/wp\/v2\/media\/16505"}],"wp:attachment":[{"href":"https:\/\/antiquariat-steinbach.com\/rarebooks\/wp-json\/wp\/v2\/media?parent=2209"}],"wp:term":[{"taxonomy":"product_brand","embeddable":true,"href":"https:\/\/antiquariat-steinbach.com\/rarebooks\/wp-json\/wp\/v2\/product_brand?post=2209"},{"taxonomy":"product_cat","embeddable":true,"href":"https:\/\/antiquariat-steinbach.com\/rarebooks\/wp-json\/wp\/v2\/product_cat?post=2209"},{"taxonomy":"product_tag","embeddable":true,"href":"https:\/\/antiquariat-steinbach.com\/rarebooks\/wp-json\/wp\/v2\/product_tag?post=2209"}],"curies":[{"name":"wp","href":"https:\/\/api.w.org\/{rel}","templated":true}]}}