{"id":2049,"date":"2026-03-12T00:04:41","date_gmt":"2026-03-11T23:04:41","guid":{"rendered":"http:\/\/antiquariat-steinbach.com\/rarebooks\/produkt\/die-kaiserstadt-berlin-und-umgebung\/"},"modified":"2026-03-12T00:04:42","modified_gmt":"2026-03-11T23:04:42","slug":"die-kaiserstadt-berlin-und-umgebung","status":"publish","type":"product","link":"https:\/\/antiquariat-steinbach.com\/rarebooks\/produkt\/die-kaiserstadt-berlin-und-umgebung\/","title":{"rendered":"Die Kaiserstadt Berlin und Umgebung."},"content":{"rendered":"<p>Berlin, Tietz o.J. (um 1890).<\/p>\n<p>27 : 35 cm. 1 gro\u00dfes Panorama und 56 Ansichten nach Naturaufnahmen in Photographiedruck. Original-Halbleinenband mit goldgepr\u00e4gter Ansicht von Berlin auf dem Vorderdeckel.<\/p>\n<p>50,00 EUR<\/p>\n","protected":false},"excerpt":{"rendered":"<p>Mit Photographien des Berliner Doms, Brandenburger Tor, Unter den Linden, Synagoge, Alexanderplatz, Nationalgalerie, Lustgarten, Schlo\u00df, Rathaus, Gendarmenmarkt u.v.a. In dem dekorativen Einband mit dem goldgepr\u00e4gtem Relief der Stadt. &#8211; Einband etwas knittrig, Kanten gering berieben, Block vom Einband gel\u00f6st.<\/p>\n","protected":false},"featured_media":16569,"template":"","meta":[],"product_brand":[],"product_cat":[115,74,65,106,914],"product_tag":[],"class_list":{"0":"post-2049","1":"product","2":"type-product","3":"status-publish","4":"has-post-thumbnail","6":"product_cat-berlin","7":"product_cat-deutschland","8":"product_cat-geographie","9":"product_cat-photographie","10":"product_cat-zvab","12":"first","13":"instock","14":"purchasable","15":"product-type-simple"},"_links":{"self":[{"href":"https:\/\/antiquariat-steinbach.com\/rarebooks\/wp-json\/wp\/v2\/product\/2049","targetHints":{"allow":["GET"]}}],"collection":[{"href":"https:\/\/antiquariat-steinbach.com\/rarebooks\/wp-json\/wp\/v2\/product"}],"about":[{"href":"https:\/\/antiquariat-steinbach.com\/rarebooks\/wp-json\/wp\/v2\/types\/product"}],"version-history":[{"count":3,"href":"https:\/\/antiquariat-steinbach.com\/rarebooks\/wp-json\/wp\/v2\/product\/2049\/revisions"}],"predecessor-version":[{"id":16568,"href":"https:\/\/antiquariat-steinbach.com\/rarebooks\/wp-json\/wp\/v2\/product\/2049\/revisions\/16568"}],"wp:featuredmedia":[{"embeddable":true,"href":"https:\/\/antiquariat-steinbach.com\/rarebooks\/wp-json\/wp\/v2\/media\/16569"}],"wp:attachment":[{"href":"https:\/\/antiquariat-steinbach.com\/rarebooks\/wp-json\/wp\/v2\/media?parent=2049"}],"wp:term":[{"taxonomy":"product_brand","embeddable":true,"href":"https:\/\/antiquariat-steinbach.com\/rarebooks\/wp-json\/wp\/v2\/product_brand?post=2049"},{"taxonomy":"product_cat","embeddable":true,"href":"https:\/\/antiquariat-steinbach.com\/rarebooks\/wp-json\/wp\/v2\/product_cat?post=2049"},{"taxonomy":"product_tag","embeddable":true,"href":"https:\/\/antiquariat-steinbach.com\/rarebooks\/wp-json\/wp\/v2\/product_tag?post=2049"}],"curies":[{"name":"wp","href":"https:\/\/api.w.org\/{rel}","templated":true}]}}