{"id":2041,"date":"2026-03-12T00:04:41","date_gmt":"2026-03-11T23:04:41","guid":{"rendered":"http:\/\/antiquariat-steinbach.com\/rarebooks\/produkt\/die-gute-hausmannskost-ein-kochbuch-zugleich-ein-hausbuch-mit-ratschlaegen-und-anweisungen-fuer-hausfrauen-und-muetter\/"},"modified":"2026-03-12T00:04:41","modified_gmt":"2026-03-11T23:04:41","slug":"die-gute-hausmannskost-ein-kochbuch-zugleich-ein-hausbuch-mit-ratschlaegen-und-anweisungen-fuer-hausfrauen-und-muetter","status":"publish","type":"product","link":"https:\/\/antiquariat-steinbach.com\/rarebooks\/produkt\/die-gute-hausmannskost-ein-kochbuch-zugleich-ein-hausbuch-mit-ratschlaegen-und-anweisungen-fuer-hausfrauen-und-muetter\/","title":{"rendered":"Die gute Hausmannskost. Ein Kochbuch, zugleich ein Hausbuch mit Ratschl\u00e4gen und Anweisungen f\u00fcr Hausfrauen und M\u00fctter."},"content":{"rendered":"<p>M\u00fcnchen, Seyfried, 1924.<\/p>\n<p>6. Auflage. 17 : 12 cm. 153 Seiten, 7 Blatt. Illustrierter Original-Halbleinenband<\/p>\n<p>25,00 EUR<\/p>\n","protected":false},"excerpt":{"rendered":"<p>Geb\u00e4unt, Vorderdeckel stark berieben.<\/p>\n","protected":false},"featured_media":28517,"template":"","meta":[],"product_brand":[],"product_cat":[58,456,112,914],"product_tag":[],"class_list":{"0":"post-2041","1":"product","2":"type-product","3":"status-publish","4":"has-post-thumbnail","6":"product_cat-gastronomie","7":"product_cat-haustechnik","8":"product_cat-kochbuecher","9":"product_cat-zvab","11":"first","12":"instock","13":"purchasable","14":"product-type-simple"},"_links":{"self":[{"href":"https:\/\/antiquariat-steinbach.com\/rarebooks\/wp-json\/wp\/v2\/product\/2041","targetHints":{"allow":["GET"]}}],"collection":[{"href":"https:\/\/antiquariat-steinbach.com\/rarebooks\/wp-json\/wp\/v2\/product"}],"about":[{"href":"https:\/\/antiquariat-steinbach.com\/rarebooks\/wp-json\/wp\/v2\/types\/product"}],"version-history":[{"count":2,"href":"https:\/\/antiquariat-steinbach.com\/rarebooks\/wp-json\/wp\/v2\/product\/2041\/revisions"}],"predecessor-version":[{"id":10516,"href":"https:\/\/antiquariat-steinbach.com\/rarebooks\/wp-json\/wp\/v2\/product\/2041\/revisions\/10516"}],"wp:featuredmedia":[{"embeddable":true,"href":"https:\/\/antiquariat-steinbach.com\/rarebooks\/wp-json\/wp\/v2\/media\/28517"}],"wp:attachment":[{"href":"https:\/\/antiquariat-steinbach.com\/rarebooks\/wp-json\/wp\/v2\/media?parent=2041"}],"wp:term":[{"taxonomy":"product_brand","embeddable":true,"href":"https:\/\/antiquariat-steinbach.com\/rarebooks\/wp-json\/wp\/v2\/product_brand?post=2041"},{"taxonomy":"product_cat","embeddable":true,"href":"https:\/\/antiquariat-steinbach.com\/rarebooks\/wp-json\/wp\/v2\/product_cat?post=2041"},{"taxonomy":"product_tag","embeddable":true,"href":"https:\/\/antiquariat-steinbach.com\/rarebooks\/wp-json\/wp\/v2\/product_tag?post=2041"}],"curies":[{"name":"wp","href":"https:\/\/api.w.org\/{rel}","templated":true}]}}