{"id":1895,"date":"2026-03-12T00:10:47","date_gmt":"2026-03-11T23:10:47","guid":{"rendered":"http:\/\/antiquariat-steinbach.com\/rarebooks\/produkt\/briefe-aus-meiner-muehle-lettres-de-mon-moulin-in-das-deutsche-uebertragen-von-peter-scher-2\/"},"modified":"2026-03-12T00:10:49","modified_gmt":"2026-03-11T23:10:49","slug":"il-wilkens-daudet-alphonse-briefe-aus-meiner-muehle-lettres-de-mon-moulin-in-das-deutsche-uebertragen-von-peter-scher","status":"publish","type":"product","link":"https:\/\/antiquariat-steinbach.com\/rarebooks\/produkt\/il-wilkens-daudet-alphonse-briefe-aus-meiner-muehle-lettres-de-mon-moulin-in-das-deutsche-uebertragen-von-peter-scher\/","title":{"rendered":"IL &#8211; Wilkens &#8211;   Daudet, Alphonse. &#8211;  Briefe aus meiner M\u00fchle. (lettres de mon moulin). In das Deutsche \u00fcbertragen von Peter Scher."},"content":{"rendered":"<p>M\u00fcnchen, R\u00f6sl, 1921.<\/p>\n<p>36 : 26 cm. 97 Seiten, 6 farbige Radierungen von Hugo Wilkens. Roter Original Halblmaroquinband auf 5 B\u00fcnden, mit R\u00fcckenvergoldung, Kopfgoldschnitt.<\/p>\n<p>280,00 EUR<\/p>\n","protected":false},"excerpt":{"rendered":"<p>Eines von 150 nummerierten Exemplaren. Gedruckt auf Zanders-B\u00fctten. &#8211; Sch\u00f6nes Exemplar.<\/p>\n","protected":false},"featured_media":24602,"template":"","meta":[],"product_brand":[],"product_cat":[143,43,32,433,914],"product_tag":[],"class_list":{"0":"post-1895","1":"product","2":"type-product","3":"status-publish","4":"has-post-thumbnail","6":"product_cat-francais","7":"product_cat-illustrierte-buecher","8":"product_cat-literatur","9":"product_cat-wilkens-20-jahrhundert","10":"product_cat-zvab","12":"first","13":"instock","14":"purchasable","15":"product-type-simple"},"_links":{"self":[{"href":"https:\/\/antiquariat-steinbach.com\/rarebooks\/wp-json\/wp\/v2\/product\/1895","targetHints":{"allow":["GET"]}}],"collection":[{"href":"https:\/\/antiquariat-steinbach.com\/rarebooks\/wp-json\/wp\/v2\/product"}],"about":[{"href":"https:\/\/antiquariat-steinbach.com\/rarebooks\/wp-json\/wp\/v2\/types\/product"}],"version-history":[{"count":5,"href":"https:\/\/antiquariat-steinbach.com\/rarebooks\/wp-json\/wp\/v2\/product\/1895\/revisions"}],"predecessor-version":[{"id":28757,"href":"https:\/\/antiquariat-steinbach.com\/rarebooks\/wp-json\/wp\/v2\/product\/1895\/revisions\/28757"}],"wp:featuredmedia":[{"embeddable":true,"href":"https:\/\/antiquariat-steinbach.com\/rarebooks\/wp-json\/wp\/v2\/media\/24602"}],"wp:attachment":[{"href":"https:\/\/antiquariat-steinbach.com\/rarebooks\/wp-json\/wp\/v2\/media?parent=1895"}],"wp:term":[{"taxonomy":"product_brand","embeddable":true,"href":"https:\/\/antiquariat-steinbach.com\/rarebooks\/wp-json\/wp\/v2\/product_brand?post=1895"},{"taxonomy":"product_cat","embeddable":true,"href":"https:\/\/antiquariat-steinbach.com\/rarebooks\/wp-json\/wp\/v2\/product_cat?post=1895"},{"taxonomy":"product_tag","embeddable":true,"href":"https:\/\/antiquariat-steinbach.com\/rarebooks\/wp-json\/wp\/v2\/product_tag?post=1895"}],"curies":[{"name":"wp","href":"https:\/\/api.w.org\/{rel}","templated":true}]}}