{"id":1845,"date":"2026-03-12T00:04:23","date_gmt":"2026-03-11T23:04:23","guid":{"rendered":"http:\/\/antiquariat-steinbach.com\/rarebooks\/produkt\/dali-de-gala\/"},"modified":"2026-03-12T00:04:24","modified_gmt":"2026-03-11T23:04:24","slug":"dali-descharnes-robert-dali-de-gala","status":"publish","type":"product","link":"https:\/\/antiquariat-steinbach.com\/rarebooks\/produkt\/dali-descharnes-robert-dali-de-gala\/","title":{"rendered":"Dali &#8211;   Descharnes, Robert: &#8211;  Dali de Gala."},"content":{"rendered":"<p>Lausanne, edita (1962).<\/p>\n<p>31 : 27 cm. 227 Seiten mit sehr vielen meist farbigen, teils montierten Tafeln und Abbildungen. Original-Leinenband mit farbig illustriertem Original-Schutzumschlag.<\/p>\n<p>160,00 EUR<\/p>\n","protected":false},"excerpt":{"rendered":"<p>\u00c4u\u00dferst reichhaltig illustriertes und gro\u00dfz\u00fcgig ausgestattetes Werk.<\/p>\n","protected":false},"featured_media":14346,"template":"","meta":[],"product_brand":[],"product_cat":[29,426,43,427,914],"product_tag":[],"class_list":{"0":"post-1845","1":"product","2":"type-product","3":"status-publish","4":"has-post-thumbnail","6":"product_cat-20-jahrhundert","7":"product_cat-dali","8":"product_cat-illustrierte-buecher","9":"product_cat-salvatore","10":"product_cat-zvab","12":"first","13":"instock","14":"purchasable","15":"product-type-simple"},"_links":{"self":[{"href":"https:\/\/antiquariat-steinbach.com\/rarebooks\/wp-json\/wp\/v2\/product\/1845","targetHints":{"allow":["GET"]}}],"collection":[{"href":"https:\/\/antiquariat-steinbach.com\/rarebooks\/wp-json\/wp\/v2\/product"}],"about":[{"href":"https:\/\/antiquariat-steinbach.com\/rarebooks\/wp-json\/wp\/v2\/types\/product"}],"version-history":[{"count":3,"href":"https:\/\/antiquariat-steinbach.com\/rarebooks\/wp-json\/wp\/v2\/product\/1845\/revisions"}],"predecessor-version":[{"id":19043,"href":"https:\/\/antiquariat-steinbach.com\/rarebooks\/wp-json\/wp\/v2\/product\/1845\/revisions\/19043"}],"wp:featuredmedia":[{"embeddable":true,"href":"https:\/\/antiquariat-steinbach.com\/rarebooks\/wp-json\/wp\/v2\/media\/14346"}],"wp:attachment":[{"href":"https:\/\/antiquariat-steinbach.com\/rarebooks\/wp-json\/wp\/v2\/media?parent=1845"}],"wp:term":[{"taxonomy":"product_brand","embeddable":true,"href":"https:\/\/antiquariat-steinbach.com\/rarebooks\/wp-json\/wp\/v2\/product_brand?post=1845"},{"taxonomy":"product_cat","embeddable":true,"href":"https:\/\/antiquariat-steinbach.com\/rarebooks\/wp-json\/wp\/v2\/product_cat?post=1845"},{"taxonomy":"product_tag","embeddable":true,"href":"https:\/\/antiquariat-steinbach.com\/rarebooks\/wp-json\/wp\/v2\/product_tag?post=1845"}],"curies":[{"name":"wp","href":"https:\/\/api.w.org\/{rel}","templated":true}]}}