{"id":18084,"date":"2026-03-12T00:22:20","date_gmt":"2026-03-11T23:22:20","guid":{"rendered":"https:\/\/antiquariat-steinbach.com\/rarebooks\/produkt\/schoenpflug-fritz-karikaturen-der-k-k-armee\/"},"modified":"2026-03-12T00:22:21","modified_gmt":"2026-03-11T23:22:21","slug":"schoenpflug-fritz-karikaturen-der-k-k-armee","status":"publish","type":"product","link":"https:\/\/antiquariat-steinbach.com\/rarebooks\/produkt\/schoenpflug-fritz-karikaturen-der-k-k-armee\/","title":{"rendered":"Sch\u00f6npflug, Fritz. &#8211;  Karikaturen der k.k. Armee"},"content":{"rendered":"<p>Wien 1903.<\/p>\n<p>9 Blatt 29 : 21 &#8211;  30 : 22 cm. Farbige Lithographien, jeweils im Stein signiert und datiert.<\/p>\n<p>180,00 EUR<\/p>\n","protected":false},"excerpt":{"rendered":"<p>Fritz Sch\u00f6npflug (1873 &#8211; Wien &#8211; 1951) \u00f6sterreichischer Karikaturist, Maler, Graphiker und Ansichtskartenk\u00fcnstler. Als ehemaliger K.u.K.-Offizier zeichnete er gerne Milit\u00e4r-Sujets. Er war Mitbegr\u00fcnder der humoristischen Satire-Zeitschrift &#8222;Die Muskete&#8220; und arbeitete f\u00fcr die &#8222;Wiener fliegenden Bl\u00e4tter&#8220;, dem Wiener &#8222;Figaro&#8220; und den &#8222;Sketch&#8220; aus London. Von 1906 &#8211; 1936 Mitglied des Wiener K\u00fcnstlerhauses. &#8211; Bis auf ein Blatt alle unter Passepartout.<\/p>\n","protected":false},"featured_media":18086,"template":"","meta":[],"product_brand":[],"product_cat":[71,123,264,154,914],"product_tag":[],"class_list":{"0":"post-18084","1":"product","2":"type-product","3":"status-publish","4":"has-post-thumbnail","6":"product_cat-austriaca","7":"product_cat-karikatur","8":"product_cat-militaria","9":"product_cat-zeichnungen","10":"product_cat-zvab","12":"first","13":"instock","14":"purchasable","15":"product-type-simple"},"_links":{"self":[{"href":"https:\/\/antiquariat-steinbach.com\/rarebooks\/wp-json\/wp\/v2\/product\/18084","targetHints":{"allow":["GET"]}}],"collection":[{"href":"https:\/\/antiquariat-steinbach.com\/rarebooks\/wp-json\/wp\/v2\/product"}],"about":[{"href":"https:\/\/antiquariat-steinbach.com\/rarebooks\/wp-json\/wp\/v2\/types\/product"}],"version-history":[{"count":2,"href":"https:\/\/antiquariat-steinbach.com\/rarebooks\/wp-json\/wp\/v2\/product\/18084\/revisions"}],"predecessor-version":[{"id":21629,"href":"https:\/\/antiquariat-steinbach.com\/rarebooks\/wp-json\/wp\/v2\/product\/18084\/revisions\/21629"}],"wp:featuredmedia":[{"embeddable":true,"href":"https:\/\/antiquariat-steinbach.com\/rarebooks\/wp-json\/wp\/v2\/media\/18086"}],"wp:attachment":[{"href":"https:\/\/antiquariat-steinbach.com\/rarebooks\/wp-json\/wp\/v2\/media?parent=18084"}],"wp:term":[{"taxonomy":"product_brand","embeddable":true,"href":"https:\/\/antiquariat-steinbach.com\/rarebooks\/wp-json\/wp\/v2\/product_brand?post=18084"},{"taxonomy":"product_cat","embeddable":true,"href":"https:\/\/antiquariat-steinbach.com\/rarebooks\/wp-json\/wp\/v2\/product_cat?post=18084"},{"taxonomy":"product_tag","embeddable":true,"href":"https:\/\/antiquariat-steinbach.com\/rarebooks\/wp-json\/wp\/v2\/product_tag?post=18084"}],"curies":[{"name":"wp","href":"https:\/\/api.w.org\/{rel}","templated":true}]}}