{"id":17987,"date":"2026-03-12T00:14:21","date_gmt":"2026-03-11T23:14:21","guid":{"rendered":"https:\/\/antiquariat-steinbach.com\/rarebooks\/produkt\/lante-mesangere-pierre-de-la-galerie-francaise-de-femmes-celebres-par-leurs-talens-leur-rang-ou-leur-beaute-portraits-en-pied-dessines-par-m-lante-la-plupart-dapres-des-originaux-inedits\/"},"modified":"2026-03-12T00:14:22","modified_gmt":"2026-03-11T23:14:22","slug":"lante-mesangere-pierre-de-la-galerie-francaise-de-femmes-celebres-par-leurs-talens-leur-rang-ou-leur-beaute-portraits-en-pied-dessines-par-m-lante-la-plupart-dapres-des-originaux-inedit","status":"publish","type":"product","link":"https:\/\/antiquariat-steinbach.com\/rarebooks\/produkt\/lante-mesangere-pierre-de-la-galerie-francaise-de-femmes-celebres-par-leurs-talens-leur-rang-ou-leur-beaute-portraits-en-pied-dessines-par-m-lante-la-plupart-dapres-des-originaux-inedit\/","title":{"rendered":"Lant\u00e9 &#8211;   M\u00e9sang\u00e9re, Pierre de La. &#8211;  Galerie Francaise de femmes c\u00e9l\u00e8bres par leurs talens, leur rang ou leur beaute, portraits en pied, dessin\u00e9s par M. Lant\u00e9, la plupart d&#8217;apr\u00e8s des originaux in\u00e9dits"},"content":{"rendered":"<p>Paris, Chez L&#8217;Editeur, 1827.<\/p>\n<p>31 : 24 cm. 4 kolorierte Radierungen. Unter Passepartout.<\/p>\n<p>65,00 EUR<\/p>\n","protected":false},"excerpt":{"rendered":"<p>Dargestellt sind die folgenden Pers\u00f6nlichkeiten: Anne de Boulen &#8211; Fille d&#8217;Honneur de Marie d&#8217;Angleterre &#8211; Marie d&#8217;Angleterre &#8211; \u00c9l\u00e9nore Galigai.<\/p>\n","protected":false},"featured_media":17989,"template":"","meta":[],"product_brand":[],"product_cat":[235,55,121,914],"product_tag":[],"class_list":{"0":"post-17987","1":"product","2":"type-product","3":"status-publish","4":"has-post-thumbnail","6":"product_cat-england","7":"product_cat-fashion","8":"product_cat-mode","9":"product_cat-zvab","11":"first","12":"instock","13":"purchasable","14":"product-type-simple"},"_links":{"self":[{"href":"https:\/\/antiquariat-steinbach.com\/rarebooks\/wp-json\/wp\/v2\/product\/17987","targetHints":{"allow":["GET"]}}],"collection":[{"href":"https:\/\/antiquariat-steinbach.com\/rarebooks\/wp-json\/wp\/v2\/product"}],"about":[{"href":"https:\/\/antiquariat-steinbach.com\/rarebooks\/wp-json\/wp\/v2\/types\/product"}],"version-history":[{"count":2,"href":"https:\/\/antiquariat-steinbach.com\/rarebooks\/wp-json\/wp\/v2\/product\/17987\/revisions"}],"predecessor-version":[{"id":20501,"href":"https:\/\/antiquariat-steinbach.com\/rarebooks\/wp-json\/wp\/v2\/product\/17987\/revisions\/20501"}],"wp:featuredmedia":[{"embeddable":true,"href":"https:\/\/antiquariat-steinbach.com\/rarebooks\/wp-json\/wp\/v2\/media\/17989"}],"wp:attachment":[{"href":"https:\/\/antiquariat-steinbach.com\/rarebooks\/wp-json\/wp\/v2\/media?parent=17987"}],"wp:term":[{"taxonomy":"product_brand","embeddable":true,"href":"https:\/\/antiquariat-steinbach.com\/rarebooks\/wp-json\/wp\/v2\/product_brand?post=17987"},{"taxonomy":"product_cat","embeddable":true,"href":"https:\/\/antiquariat-steinbach.com\/rarebooks\/wp-json\/wp\/v2\/product_cat?post=17987"},{"taxonomy":"product_tag","embeddable":true,"href":"https:\/\/antiquariat-steinbach.com\/rarebooks\/wp-json\/wp\/v2\/product_tag?post=17987"}],"curies":[{"name":"wp","href":"https:\/\/api.w.org\/{rel}","templated":true}]}}