{"id":17486,"date":"2026-03-12T00:20:59","date_gmt":"2026-03-11T23:20:59","guid":{"rendered":"https:\/\/antiquariat-steinbach.com\/rarebooks\/produkt\/scheerbart-paulja-was-moechten-wie-nicht-alles-ein-wunderfabelbuch\/"},"modified":"2026-03-12T00:21:00","modified_gmt":"2026-03-11T23:21:00","slug":"scheerbart-paul-ja-was-moechten-wie-nicht-alles-ein-wunderfabelbuch","status":"publish","type":"product","link":"https:\/\/antiquariat-steinbach.com\/rarebooks\/produkt\/scheerbart-paul-ja-was-moechten-wie-nicht-alles-ein-wunderfabelbuch\/","title":{"rendered":"Scheerbart Paul, &#8211;  Ja&#8230;was..m\u00f6chten wie nicht Alles! Ein Wunderfabelbuch."},"content":{"rendered":"<p>Berlin, Der Verlag deutscher Phantasten, 1893.<\/p>\n<p>25 : 18 cm. 24 Umschlag.<\/p>\n<p>450,00 EUR<\/p>\n","protected":false},"excerpt":{"rendered":"<p>Erste Ausgabe. &#8211; Scheerbarts zweite Buchver\u00f6ffentlichung, vier Jahr nach seinem Erstling. Von dem Wunderfabelbuch, das in 7 Fortsetzungen erscheinensollte, erschien nur dieses 1 Heft. &#8222;Paul (Paulemann) Scheerbart ist sicherlich einer der skurilsten und seltsamsten Schriftsteller in der an seltsamen und skurilen nicht gerade armen Literaturszene zu Beginn dieses Jahrhunderts. 1863 in Danzig geboren, studierte er zun\u00e4chst Philosophie und Kunstgeschichte in Leipzig, Halle , M\u00fcnchen und Wien, bevor er sich al 24-j\u00e4hriger dauerhaft in Berlin niederlie\u00df. 1892 gr\u00fcndete er den &#8218;Verlag deutscher Phantasten&#8216;, der ihm &#8211; wie sp\u00e4ter viele seiner Projekte &#8211; zwar keinen Erfolg brachte, ihm aber daf\u00fcr, wie er selber schrieb, &#8218; ein paar hundert Mark&#8216; zusetzen lie\u00df. Er arbeitet mit bei Waldens expressionistischer Zeitschrift &#8218;Der Sturm&#8216; und ver\u00f6ffentlichte 1896 seinen ersten Roman &#8218;Tarub, Bagdads ber\u00fchmte K\u00f6ching&#8216; (J\u00f6rg Kantel). &#8211; Titel mit kleiner Klebespur und verso mit Exlibris, dieser und letztes Blatt gel\u00f6st. Papiebedingt etwas gebr\u00e4unt. Lose in gr\u00fcnem Papierumschlag. &#8211; Raabe\/Hanich-Bode 260, 2; W.-G. 2.<\/p>\n","protected":false},"featured_media":0,"template":"","meta":[],"product_brand":[],"product_cat":[29,176,32,914],"product_tag":[],"class_list":{"0":"post-17486","1":"product","2":"type-product","3":"status-publish","5":"product_cat-20-jahrhundert","6":"product_cat-first-edition","7":"product_cat-literatur","8":"product_cat-zvab","10":"first","11":"instock","12":"purchasable","13":"product-type-simple"},"_links":{"self":[{"href":"https:\/\/antiquariat-steinbach.com\/rarebooks\/wp-json\/wp\/v2\/product\/17486","targetHints":{"allow":["GET"]}}],"collection":[{"href":"https:\/\/antiquariat-steinbach.com\/rarebooks\/wp-json\/wp\/v2\/product"}],"about":[{"href":"https:\/\/antiquariat-steinbach.com\/rarebooks\/wp-json\/wp\/v2\/types\/product"}],"version-history":[{"count":2,"href":"https:\/\/antiquariat-steinbach.com\/rarebooks\/wp-json\/wp\/v2\/product\/17486\/revisions"}],"predecessor-version":[{"id":21518,"href":"https:\/\/antiquariat-steinbach.com\/rarebooks\/wp-json\/wp\/v2\/product\/17486\/revisions\/21518"}],"wp:attachment":[{"href":"https:\/\/antiquariat-steinbach.com\/rarebooks\/wp-json\/wp\/v2\/media?parent=17486"}],"wp:term":[{"taxonomy":"product_brand","embeddable":true,"href":"https:\/\/antiquariat-steinbach.com\/rarebooks\/wp-json\/wp\/v2\/product_brand?post=17486"},{"taxonomy":"product_cat","embeddable":true,"href":"https:\/\/antiquariat-steinbach.com\/rarebooks\/wp-json\/wp\/v2\/product_cat?post=17486"},{"taxonomy":"product_tag","embeddable":true,"href":"https:\/\/antiquariat-steinbach.com\/rarebooks\/wp-json\/wp\/v2\/product_tag?post=17486"}],"curies":[{"name":"wp","href":"https:\/\/api.w.org\/{rel}","templated":true}]}}