{"id":1743,"date":"2026-03-12T00:04:16","date_gmt":"2026-03-11T23:04:16","guid":{"rendered":"http:\/\/antiquariat-steinbach.com\/rarebooks\/produkt\/new-graphic-series\/"},"modified":"2026-03-12T00:04:17","modified_gmt":"2026-03-11T23:04:17","slug":"colophon-the-new-graphic-series","status":"publish","type":"product","link":"https:\/\/antiquariat-steinbach.com\/rarebooks\/produkt\/colophon-the-new-graphic-series\/","title":{"rendered":"Colophon, The: &#8211;  New graphic series."},"content":{"rendered":"<p>New York, Pynson 1939.<\/p>\n<p>Number One. 27,5 : 22 cm. Mit sehr vielen typographischen Beispielen und Illustrationen. Farbig illustrierte Original-Pappband.<\/p>\n<p>60,00 EUR<\/p>\n","protected":false},"excerpt":{"rendered":"<p>Wichtige Zeitschrift f\u00fcr Graphik, Typographie und Buchkunst in den Vereinigten Staaten Ende der 30-iger Jahre. Mit vielen interessanten Beitr\u00e4gen namhafter Pers\u00f6nlichkeiten. &#8211; Mit einem Linolschnitt von Hans Alexander M\u00fcller und einem Holzschnitt von Emil Ganso.<\/p>\n","protected":false},"featured_media":0,"template":"","meta":[],"product_brand":[],"product_cat":[62,47,914],"product_tag":[],"class_list":{"0":"post-1743","1":"product","2":"type-product","3":"status-publish","5":"product_cat-schrift","6":"product_cat-typographie","7":"product_cat-zvab","9":"first","10":"instock","11":"purchasable","12":"product-type-simple"},"_links":{"self":[{"href":"https:\/\/antiquariat-steinbach.com\/rarebooks\/wp-json\/wp\/v2\/product\/1743","targetHints":{"allow":["GET"]}}],"collection":[{"href":"https:\/\/antiquariat-steinbach.com\/rarebooks\/wp-json\/wp\/v2\/product"}],"about":[{"href":"https:\/\/antiquariat-steinbach.com\/rarebooks\/wp-json\/wp\/v2\/types\/product"}],"version-history":[{"count":3,"href":"https:\/\/antiquariat-steinbach.com\/rarebooks\/wp-json\/wp\/v2\/product\/1743\/revisions"}],"predecessor-version":[{"id":19002,"href":"https:\/\/antiquariat-steinbach.com\/rarebooks\/wp-json\/wp\/v2\/product\/1743\/revisions\/19002"}],"wp:attachment":[{"href":"https:\/\/antiquariat-steinbach.com\/rarebooks\/wp-json\/wp\/v2\/media?parent=1743"}],"wp:term":[{"taxonomy":"product_brand","embeddable":true,"href":"https:\/\/antiquariat-steinbach.com\/rarebooks\/wp-json\/wp\/v2\/product_brand?post=1743"},{"taxonomy":"product_cat","embeddable":true,"href":"https:\/\/antiquariat-steinbach.com\/rarebooks\/wp-json\/wp\/v2\/product_cat?post=1743"},{"taxonomy":"product_tag","embeddable":true,"href":"https:\/\/antiquariat-steinbach.com\/rarebooks\/wp-json\/wp\/v2\/product_tag?post=1743"}],"curies":[{"name":"wp","href":"https:\/\/api.w.org\/{rel}","templated":true}]}}