{"id":17425,"date":"2026-03-12T00:18:52","date_gmt":"2026-03-11T23:18:52","guid":{"rendered":"https:\/\/antiquariat-steinbach.com\/rarebooks\/produkt\/pitsch-hans-1900-1960-sammlung-von-23-entwuerfen-zur-inenarchitektur\/"},"modified":"2026-03-12T00:18:52","modified_gmt":"2026-03-11T23:18:52","slug":"pitsch-hans-1900-1960-sammlung-von-23-entwuerfen-zur-inenarchitektur","status":"publish","type":"product","link":"https:\/\/antiquariat-steinbach.com\/rarebooks\/produkt\/pitsch-hans-1900-1960-sammlung-von-23-entwuerfen-zur-inenarchitektur\/","title":{"rendered":"Pitsch, Hans (1900 &#8211; 1960). &#8211;  Sammlung von 23 Entw\u00fcrfen zur Inenarchitektur."},"content":{"rendered":"<p>Wien, 1926.<\/p>\n<p>23,5 : 41 cm &#8211; 16 : 17,5 cm. 22 teils kolorierte Bleistift-Zeichnungen und 1 Aquarell.<\/p>\n<p>600,00 EUR<\/p>\n","protected":false},"excerpt":{"rendered":"<p>Hans Pitsch (1900 &#8211; 1960) wurde vor allem durch die Ineneinrichtung eines Hauses der Wiener Werkbundsiedlung im 13. Wiener Gemeindebezirk bekannt. Seine Entw\u00fcrfe zeugen von einem sch\u00f6pferischen Gegensatz, wie in dem beiliegenden Heft der Zeitschrift Innendekoration von 1923 nachzulesen ist. Die hier vorliegenden Entw\u00fcrfe zeigen Speisezimmer, Wohnzimmer, Bibliothek, verschiedene Entw\u00fcrfe f\u00fcr St\u00fchle und Armsessel, Kommoden, Schr\u00e4nke etc. Das farbige Aquarell zeigt ein Speisezimmer it offenem Kamin.<\/p>\n","protected":false},"featured_media":18032,"template":"","meta":[],"product_brand":[],"product_cat":[48,71,233,232,914],"product_tag":[],"class_list":{"0":"post-17425","1":"product","2":"type-product","3":"status-publish","4":"has-post-thumbnail","6":"product_cat-architektur","7":"product_cat-austriaca","8":"product_cat-innenarchitektur","9":"product_cat-moebel","10":"product_cat-zvab","12":"first","13":"instock","14":"purchasable","15":"product-type-simple"},"_links":{"self":[{"href":"https:\/\/antiquariat-steinbach.com\/rarebooks\/wp-json\/wp\/v2\/product\/17425","targetHints":{"allow":["GET"]}}],"collection":[{"href":"https:\/\/antiquariat-steinbach.com\/rarebooks\/wp-json\/wp\/v2\/product"}],"about":[{"href":"https:\/\/antiquariat-steinbach.com\/rarebooks\/wp-json\/wp\/v2\/types\/product"}],"version-history":[{"count":2,"href":"https:\/\/antiquariat-steinbach.com\/rarebooks\/wp-json\/wp\/v2\/product\/17425\/revisions"}],"predecessor-version":[{"id":21217,"href":"https:\/\/antiquariat-steinbach.com\/rarebooks\/wp-json\/wp\/v2\/product\/17425\/revisions\/21217"}],"wp:featuredmedia":[{"embeddable":true,"href":"https:\/\/antiquariat-steinbach.com\/rarebooks\/wp-json\/wp\/v2\/media\/18032"}],"wp:attachment":[{"href":"https:\/\/antiquariat-steinbach.com\/rarebooks\/wp-json\/wp\/v2\/media?parent=17425"}],"wp:term":[{"taxonomy":"product_brand","embeddable":true,"href":"https:\/\/antiquariat-steinbach.com\/rarebooks\/wp-json\/wp\/v2\/product_brand?post=17425"},{"taxonomy":"product_cat","embeddable":true,"href":"https:\/\/antiquariat-steinbach.com\/rarebooks\/wp-json\/wp\/v2\/product_cat?post=17425"},{"taxonomy":"product_tag","embeddable":true,"href":"https:\/\/antiquariat-steinbach.com\/rarebooks\/wp-json\/wp\/v2\/product_tag?post=17425"}],"curies":[{"name":"wp","href":"https:\/\/api.w.org\/{rel}","templated":true}]}}