{"id":16821,"date":"2026-03-12T00:10:04","date_gmt":"2026-03-11T23:10:04","guid":{"rendered":"https:\/\/antiquariat-steinbach.com\/rarebooks\/produkt\/heinz-arno-innsbruck-1941-oesterreichischer-archtekt-leporello-mit-6-zeichnungen-und-zweisietigem-text\/"},"modified":"2026-03-12T00:10:06","modified_gmt":"2026-03-11T23:10:06","slug":"heinz-arno-innsbruck-1941-oesterreichischer-archtekt-leporello-mit-6-zeichnungen-und-zweisietigem-text","status":"publish","type":"product","link":"https:\/\/antiquariat-steinbach.com\/rarebooks\/produkt\/heinz-arno-innsbruck-1941-oesterreichischer-archtekt-leporello-mit-6-zeichnungen-und-zweisietigem-text\/","title":{"rendered":"Heinz, Arno. Innsbruck 1941. \u00d6sterreichischer Archtekt. &#8211;  Leporello mit 6 Zeichnungen und zweisietigem Text."},"content":{"rendered":"<p>Paris,  Atelier d&#8217;urbanisme et d&#8217;architecture 1967.<\/p>\n<p>10 : 63 cm. Mehrfach gefaltet.<\/p>\n<p>240,00 EUR<\/p>\n","protected":false},"excerpt":{"rendered":"<p>Arno Heinz (Innsbruck 1944) ist ein vielseitiger Architekt, Mitglied der French Order of Architecture. Er war viel im arabischen Raum t\u00e4tig, unter anderem entwarf er den Palst f\u00fcr die Saudi Arabische K\u00f6nigsfamilie, sowie die Restaurierung kultureller Monumente im arabischen Raum. Aber auch Wohnh\u00e4user in Frankreich und \u00d6sterreich. Hier vorliegend ein Weihnachtsgl\u00fcckwunsch an einen Freund mit 6 Zeichnungen und Gl\u00fcckw\u00fcnschen. &#8218;&#8230;jedenfalls w\u00fcrde ich mich freuen, Dich hier wiederzusehen &#8211; und zu tratschen, den Paris ist mir schon heimischer als Wien&#8230;&#8216;<\/p>\n","protected":false},"featured_media":16823,"template":"","meta":[],"product_brand":[],"product_cat":[732,48,96,460,914],"product_tag":[],"class_list":{"0":"post-16821","1":"product","2":"type-product","3":"status-publish","4":"has-post-thumbnail","6":"product_cat-archaeologie","7":"product_cat-architektur","8":"product_cat-frankreich","9":"product_cat-handschriften","10":"product_cat-zvab","12":"first","13":"instock","14":"purchasable","15":"product-type-simple"},"_links":{"self":[{"href":"https:\/\/antiquariat-steinbach.com\/rarebooks\/wp-json\/wp\/v2\/product\/16821","targetHints":{"allow":["GET"]}}],"collection":[{"href":"https:\/\/antiquariat-steinbach.com\/rarebooks\/wp-json\/wp\/v2\/product"}],"about":[{"href":"https:\/\/antiquariat-steinbach.com\/rarebooks\/wp-json\/wp\/v2\/types\/product"}],"version-history":[{"count":2,"href":"https:\/\/antiquariat-steinbach.com\/rarebooks\/wp-json\/wp\/v2\/product\/16821\/revisions"}],"predecessor-version":[{"id":19810,"href":"https:\/\/antiquariat-steinbach.com\/rarebooks\/wp-json\/wp\/v2\/product\/16821\/revisions\/19810"}],"wp:featuredmedia":[{"embeddable":true,"href":"https:\/\/antiquariat-steinbach.com\/rarebooks\/wp-json\/wp\/v2\/media\/16823"}],"wp:attachment":[{"href":"https:\/\/antiquariat-steinbach.com\/rarebooks\/wp-json\/wp\/v2\/media?parent=16821"}],"wp:term":[{"taxonomy":"product_brand","embeddable":true,"href":"https:\/\/antiquariat-steinbach.com\/rarebooks\/wp-json\/wp\/v2\/product_brand?post=16821"},{"taxonomy":"product_cat","embeddable":true,"href":"https:\/\/antiquariat-steinbach.com\/rarebooks\/wp-json\/wp\/v2\/product_cat?post=16821"},{"taxonomy":"product_tag","embeddable":true,"href":"https:\/\/antiquariat-steinbach.com\/rarebooks\/wp-json\/wp\/v2\/product_tag?post=16821"}],"curies":[{"name":"wp","href":"https:\/\/api.w.org\/{rel}","templated":true}]}}