{"id":16794,"date":"2026-03-12T00:08:52","date_gmt":"2026-03-11T23:08:52","guid":{"rendered":"https:\/\/antiquariat-steinbach.com\/rarebooks\/produkt\/hannsmann-margarete-mahnbilder-fuer-die-freiheit-und-die-menschenrechte-griechenland-laedt-grieshaber-ein-katalog-zur-ausstellung-vom-16-bis-31-maerz-1977-im-kulturzentrum-er-stadt-athen-2\/"},"modified":"2026-03-12T00:08:52","modified_gmt":"2026-03-11T23:08:52","slug":"hannsmann-margarete-mahnbilder-fuer-die-freiheit-und-die-menschenrechte-griechenland-laedt-grieshaber-ein-katalog-zur-ausstellung-vom-16-bis-31-maerz-1977-im-kulturzentrum-er-stadt-athen","status":"publish","type":"product","link":"https:\/\/antiquariat-steinbach.com\/rarebooks\/produkt\/hannsmann-margarete-mahnbilder-fuer-die-freiheit-und-die-menschenrechte-griechenland-laedt-grieshaber-ein-katalog-zur-ausstellung-vom-16-bis-31-maerz-1977-im-kulturzentrum-er-stadt-athen\/","title":{"rendered":"Hannsmann, Margarete. &#8211;  Mahnbilder f\u00fcr die Freiheit und die Menschenrechte. Griechenland l\u00e4dt Grieshaber ein. Katalog zur Ausstellung vom 16. bis 31. M\u00e4rz 1977 im Kulturzentrum er Stadt Athen."},"content":{"rendered":"<p>Stuttgart, Galerie Valentin, 1977.<\/p>\n<p>26 : 19 cm. Illustrated original boards.<\/p>\n<p>45,00 EUR<\/p>\n","protected":false},"excerpt":{"rendered":"<p>86 pages with 3 original woodcuts and 14 coloured and 27 b\/w by HAP Grieshaber. Illustrated original boards. First edition showing impressive political works by Grieshaber.<\/p>\n","protected":false},"featured_media":16796,"template":"","meta":[],"product_brand":[],"product_cat":[599,141,914],"product_tag":[],"class_list":{"0":"post-16794","1":"product","2":"type-product","3":"status-publish","4":"has-post-thumbnail","6":"product_cat-grieshaber-20-jahrhundert","7":"product_cat-illustr-buecher","8":"product_cat-zvab","10":"first","11":"instock","12":"purchasable","13":"product-type-simple"},"_links":{"self":[{"href":"https:\/\/antiquariat-steinbach.com\/rarebooks\/wp-json\/wp\/v2\/product\/16794","targetHints":{"allow":["GET"]}}],"collection":[{"href":"https:\/\/antiquariat-steinbach.com\/rarebooks\/wp-json\/wp\/v2\/product"}],"about":[{"href":"https:\/\/antiquariat-steinbach.com\/rarebooks\/wp-json\/wp\/v2\/types\/product"}],"version-history":[{"count":2,"href":"https:\/\/antiquariat-steinbach.com\/rarebooks\/wp-json\/wp\/v2\/product\/16794\/revisions"}],"predecessor-version":[{"id":19742,"href":"https:\/\/antiquariat-steinbach.com\/rarebooks\/wp-json\/wp\/v2\/product\/16794\/revisions\/19742"}],"wp:featuredmedia":[{"embeddable":true,"href":"https:\/\/antiquariat-steinbach.com\/rarebooks\/wp-json\/wp\/v2\/media\/16796"}],"wp:attachment":[{"href":"https:\/\/antiquariat-steinbach.com\/rarebooks\/wp-json\/wp\/v2\/media?parent=16794"}],"wp:term":[{"taxonomy":"product_brand","embeddable":true,"href":"https:\/\/antiquariat-steinbach.com\/rarebooks\/wp-json\/wp\/v2\/product_brand?post=16794"},{"taxonomy":"product_cat","embeddable":true,"href":"https:\/\/antiquariat-steinbach.com\/rarebooks\/wp-json\/wp\/v2\/product_cat?post=16794"},{"taxonomy":"product_tag","embeddable":true,"href":"https:\/\/antiquariat-steinbach.com\/rarebooks\/wp-json\/wp\/v2\/product_tag?post=16794"}],"curies":[{"name":"wp","href":"https:\/\/api.w.org\/{rel}","templated":true}]}}