{"id":16680,"date":"2026-03-12T00:06:51","date_gmt":"2026-03-11T23:06:51","guid":{"rendered":"https:\/\/antiquariat-steinbach.com\/rarebooks\/produkt\/friedrich-hans-28-entwuerfe-fuer-verschiedene-maerchen-spiele-gegenstaende-etc\/"},"modified":"2026-03-12T00:06:52","modified_gmt":"2026-03-11T23:06:52","slug":"friedrich-hans-28-entwuerfe-fuer-verschiedene-maerchen-spiele-gegenstaende-etc","status":"publish","type":"product","link":"https:\/\/antiquariat-steinbach.com\/rarebooks\/produkt\/friedrich-hans-28-entwuerfe-fuer-verschiedene-maerchen-spiele-gegenstaende-etc\/","title":{"rendered":"Friedrich, Hans. &#8211;  28 Entw\u00fcrfe f\u00fcr verschiedene M\u00e4rchen, Spiele, Gegenst\u00e4nde etc."},"content":{"rendered":"<p>O.O. ca. 1950.<\/p>\n<p>40 : 30 cm. 28 Blatt mit Aquarellen, Federzeichnungen von Hans Friedrich.<\/p>\n<p>280,00 EUR<\/p>\n","protected":false},"excerpt":{"rendered":"<p>Die Zeichnungen teils laienhaft, teils von einer gewissen Qualit\u00e4t und Kennerschaft, zeigen Illustrationen zu M\u00e4rchen, Bahnhof, Automobil, Buchstaben, Exlibris, Deckelhumpen, Apfel und vieles mehr. &#8211; Ein Blatt, Baum im Herbst bezeichnet Maria Neumann.<\/p>\n","protected":false},"featured_media":16682,"template":"","meta":[],"product_brand":[],"product_cat":[382,60,30,154,914],"product_tag":[],"class_list":{"0":"post-16680","1":"product","2":"type-product","3":"status-publish","4":"has-post-thumbnail","6":"product_cat-childrens","7":"product_cat-kinderbuecher","8":"product_cat-malerei","9":"product_cat-zeichnungen","10":"product_cat-zvab","12":"first","13":"instock","14":"purchasable","15":"product-type-simple"},"_links":{"self":[{"href":"https:\/\/antiquariat-steinbach.com\/rarebooks\/wp-json\/wp\/v2\/product\/16680","targetHints":{"allow":["GET"]}}],"collection":[{"href":"https:\/\/antiquariat-steinbach.com\/rarebooks\/wp-json\/wp\/v2\/product"}],"about":[{"href":"https:\/\/antiquariat-steinbach.com\/rarebooks\/wp-json\/wp\/v2\/types\/product"}],"version-history":[{"count":2,"href":"https:\/\/antiquariat-steinbach.com\/rarebooks\/wp-json\/wp\/v2\/product\/16680\/revisions"}],"predecessor-version":[{"id":19448,"href":"https:\/\/antiquariat-steinbach.com\/rarebooks\/wp-json\/wp\/v2\/product\/16680\/revisions\/19448"}],"wp:featuredmedia":[{"embeddable":true,"href":"https:\/\/antiquariat-steinbach.com\/rarebooks\/wp-json\/wp\/v2\/media\/16682"}],"wp:attachment":[{"href":"https:\/\/antiquariat-steinbach.com\/rarebooks\/wp-json\/wp\/v2\/media?parent=16680"}],"wp:term":[{"taxonomy":"product_brand","embeddable":true,"href":"https:\/\/antiquariat-steinbach.com\/rarebooks\/wp-json\/wp\/v2\/product_brand?post=16680"},{"taxonomy":"product_cat","embeddable":true,"href":"https:\/\/antiquariat-steinbach.com\/rarebooks\/wp-json\/wp\/v2\/product_cat?post=16680"},{"taxonomy":"product_tag","embeddable":true,"href":"https:\/\/antiquariat-steinbach.com\/rarebooks\/wp-json\/wp\/v2\/product_tag?post=16680"}],"curies":[{"name":"wp","href":"https:\/\/api.w.org\/{rel}","templated":true}]}}