{"id":16196,"date":"2026-03-12T00:26:02","date_gmt":"2026-03-11T23:26:02","guid":{"rendered":"https:\/\/antiquariat-steinbach.com\/rarebooks\/produkt\/albanico-abanico-con-escenas-romanticas\/"},"modified":"2026-03-12T00:26:03","modified_gmt":"2026-03-11T23:26:03","slug":"ventalle-abanico-con-escenas-romanticas","status":"publish","type":"product","link":"https:\/\/antiquariat-steinbach.com\/rarebooks\/produkt\/ventalle-abanico-con-escenas-romanticas\/","title":{"rendered":"Ventalle &#8211;   Abanico con escenas romanticas"},"content":{"rendered":"<p>ca. 1850<\/p>\n<p>ca. 50 : 25 cm. Lithographia coloreada elevado con oro, asa de marfil con ornamentos en oro.<\/p>\n<p>650,00 EUR<\/p>\n","protected":false},"excerpt":{"rendered":"<p>Precioso abanico. Un lado muestra un hombre noble haciendo cortesia a una se\u00f1ora y una se\u00f1ora con un abanico observando ni\u00f1os, en la otra parte dos se\u00f1oras con un ni\u00f1o.<\/p>\n","protected":false},"featured_media":16198,"template":"","meta":[],"product_brand":[],"product_cat":[504,914],"product_tag":[],"class_list":{"0":"post-16196","1":"product","2":"type-product","3":"status-publish","4":"has-post-thumbnail","6":"product_cat-faecher","7":"product_cat-zvab","9":"first","10":"instock","11":"purchasable","12":"product-type-simple"},"_links":{"self":[{"href":"https:\/\/antiquariat-steinbach.com\/rarebooks\/wp-json\/wp\/v2\/product\/16196","targetHints":{"allow":["GET"]}}],"collection":[{"href":"https:\/\/antiquariat-steinbach.com\/rarebooks\/wp-json\/wp\/v2\/product"}],"about":[{"href":"https:\/\/antiquariat-steinbach.com\/rarebooks\/wp-json\/wp\/v2\/types\/product"}],"version-history":[{"count":3,"href":"https:\/\/antiquariat-steinbach.com\/rarebooks\/wp-json\/wp\/v2\/product\/16196\/revisions"}],"predecessor-version":[{"id":25074,"href":"https:\/\/antiquariat-steinbach.com\/rarebooks\/wp-json\/wp\/v2\/product\/16196\/revisions\/25074"}],"wp:featuredmedia":[{"embeddable":true,"href":"https:\/\/antiquariat-steinbach.com\/rarebooks\/wp-json\/wp\/v2\/media\/16198"}],"wp:attachment":[{"href":"https:\/\/antiquariat-steinbach.com\/rarebooks\/wp-json\/wp\/v2\/media?parent=16196"}],"wp:term":[{"taxonomy":"product_brand","embeddable":true,"href":"https:\/\/antiquariat-steinbach.com\/rarebooks\/wp-json\/wp\/v2\/product_brand?post=16196"},{"taxonomy":"product_cat","embeddable":true,"href":"https:\/\/antiquariat-steinbach.com\/rarebooks\/wp-json\/wp\/v2\/product_cat?post=16196"},{"taxonomy":"product_tag","embeddable":true,"href":"https:\/\/antiquariat-steinbach.com\/rarebooks\/wp-json\/wp\/v2\/product_tag?post=16196"}],"curies":[{"name":"wp","href":"https:\/\/api.w.org\/{rel}","templated":true}]}}