{"id":16187,"date":"2026-03-12T00:00:15","date_gmt":"2026-03-11T23:00:15","guid":{"rendered":"https:\/\/antiquariat-steinbach.com\/rarebooks\/produkt\/aktien-achte-oesterreichische-kriegsanleihe-fuenfeinhalbprozentiger-staatsschatzschein-ueber-zehntausend-kronen\/"},"modified":"2026-03-12T00:00:15","modified_gmt":"2026-03-11T23:00:15","slug":"aktien-achte-oesterreichische-kriegsanleihe-fuenfeinhalbprozentiger-staatsschatzschein-ueber-zehntausend-kronen","status":"publish","type":"product","link":"https:\/\/antiquariat-steinbach.com\/rarebooks\/produkt\/aktien-achte-oesterreichische-kriegsanleihe-fuenfeinhalbprozentiger-staatsschatzschein-ueber-zehntausend-kronen\/","title":{"rendered":"Aktien &#8211;   Achte \u00f6sterreichische Kriegsanleihe f\u00fcnfeinhalbprozentiger Staatsschatzschein \u00fcber Zehntausend Kronen."},"content":{"rendered":"<p>Wien, 1916.<\/p>\n<p>36 : 24,5 cm. Farbiges Blatt mit angeh\u00e4ngten Zinsencoupon.<\/p>\n<p>15,00 EUR<\/p>\n","protected":false},"excerpt":{"rendered":"<p>Verso gedruckte Erkl\u00e4rung in 8 verschiedenen Sprachen. &#8211; Links obern mit Stempelmarke.<\/p>\n","protected":false},"featured_media":16189,"template":"","meta":[],"product_brand":[],"product_cat":[939,71,264,914],"product_tag":[],"class_list":{"0":"post-16187","1":"product","2":"type-product","3":"status-publish","4":"has-post-thumbnail","6":"product_cat-aktien","7":"product_cat-austriaca","8":"product_cat-militaria","9":"product_cat-zvab","11":"first","12":"instock","13":"purchasable","14":"product-type-simple"},"_links":{"self":[{"href":"https:\/\/antiquariat-steinbach.com\/rarebooks\/wp-json\/wp\/v2\/product\/16187","targetHints":{"allow":["GET"]}}],"collection":[{"href":"https:\/\/antiquariat-steinbach.com\/rarebooks\/wp-json\/wp\/v2\/product"}],"about":[{"href":"https:\/\/antiquariat-steinbach.com\/rarebooks\/wp-json\/wp\/v2\/types\/product"}],"version-history":[{"count":2,"href":"https:\/\/antiquariat-steinbach.com\/rarebooks\/wp-json\/wp\/v2\/product\/16187\/revisions"}],"predecessor-version":[{"id":18370,"href":"https:\/\/antiquariat-steinbach.com\/rarebooks\/wp-json\/wp\/v2\/product\/16187\/revisions\/18370"}],"wp:featuredmedia":[{"embeddable":true,"href":"https:\/\/antiquariat-steinbach.com\/rarebooks\/wp-json\/wp\/v2\/media\/16189"}],"wp:attachment":[{"href":"https:\/\/antiquariat-steinbach.com\/rarebooks\/wp-json\/wp\/v2\/media?parent=16187"}],"wp:term":[{"taxonomy":"product_brand","embeddable":true,"href":"https:\/\/antiquariat-steinbach.com\/rarebooks\/wp-json\/wp\/v2\/product_brand?post=16187"},{"taxonomy":"product_cat","embeddable":true,"href":"https:\/\/antiquariat-steinbach.com\/rarebooks\/wp-json\/wp\/v2\/product_cat?post=16187"},{"taxonomy":"product_tag","embeddable":true,"href":"https:\/\/antiquariat-steinbach.com\/rarebooks\/wp-json\/wp\/v2\/product_tag?post=16187"}],"curies":[{"name":"wp","href":"https:\/\/api.w.org\/{rel}","templated":true}]}}