{"id":16054,"date":"2026-03-12T00:26:27","date_gmt":"2026-03-11T23:26:27","guid":{"rendered":"https:\/\/antiquariat-steinbach.com\/rarebooks\/produkt\/wasserarmaturen-ferenc-hirmann-arjegyzek-preiskurant-metallgiesserei-messingware-und-waggonausruestungsfabrik\/"},"modified":"2026-03-12T00:26:27","modified_gmt":"2026-03-11T23:26:27","slug":"wasserarmaturen-ferenc-hirmann-arjegyzek-preiskurant-metallgiesserei-messingware-und-waggonausruestungsfabrik","status":"publish","type":"product","link":"https:\/\/antiquariat-steinbach.com\/rarebooks\/produkt\/wasserarmaturen-ferenc-hirmann-arjegyzek-preiskurant-metallgiesserei-messingware-und-waggonausruestungsfabrik\/","title":{"rendered":"Wasserarmaturen &#8211;   Ferenc, Hirmann. &#8211;  \u00c1rjegyz\u00e9k &#8211; Preiskurant.  Metallgiesserei, Messingware- und Waggonausr\u00fcstungsfabrik."},"content":{"rendered":"<p>Budapest, 1924.<\/p>\n<p>24,5 : 17,5 cm. 624 Seiten mit 1794  Abbildungen. Original Leinenband.<\/p>\n<p>140,00 EUR<\/p>\n","protected":false},"excerpt":{"rendered":"<p>Zeigt hunderte verschiedene Armaturen und Kleinteile zur Installation f\u00fcr H\u00e4hne, Wasch- und Sp\u00fcltischeventile, Badezimmerausstattung, Dusch- und Badewannen, Dampfstrahl-Feuerspritzen, regenerativ-Gaskamin etc. Text in Ungarisch und Deutsch. &#8211; Vors\u00e4tze mit Notizen, Buchblock etwas gelockert, Einband etwas fleckig.<\/p>\n","protected":false},"featured_media":18284,"template":"","meta":[],"product_brand":[],"product_cat":[259,77,518,914],"product_tag":[],"class_list":{"0":"post-16054","1":"product","2":"type-product","3":"status-publish","4":"has-post-thumbnail","6":"product_cat-handwerk","7":"product_cat-technik","8":"product_cat-wasser","9":"product_cat-zvab","11":"first","12":"instock","13":"purchasable","14":"product-type-simple"},"_links":{"self":[{"href":"https:\/\/antiquariat-steinbach.com\/rarebooks\/wp-json\/wp\/v2\/product\/16054","targetHints":{"allow":["GET"]}}],"collection":[{"href":"https:\/\/antiquariat-steinbach.com\/rarebooks\/wp-json\/wp\/v2\/product"}],"about":[{"href":"https:\/\/antiquariat-steinbach.com\/rarebooks\/wp-json\/wp\/v2\/types\/product"}],"version-history":[{"count":2,"href":"https:\/\/antiquariat-steinbach.com\/rarebooks\/wp-json\/wp\/v2\/product\/16054\/revisions"}],"predecessor-version":[{"id":22248,"href":"https:\/\/antiquariat-steinbach.com\/rarebooks\/wp-json\/wp\/v2\/product\/16054\/revisions\/22248"}],"wp:featuredmedia":[{"embeddable":true,"href":"https:\/\/antiquariat-steinbach.com\/rarebooks\/wp-json\/wp\/v2\/media\/18284"}],"wp:attachment":[{"href":"https:\/\/antiquariat-steinbach.com\/rarebooks\/wp-json\/wp\/v2\/media?parent=16054"}],"wp:term":[{"taxonomy":"product_brand","embeddable":true,"href":"https:\/\/antiquariat-steinbach.com\/rarebooks\/wp-json\/wp\/v2\/product_brand?post=16054"},{"taxonomy":"product_cat","embeddable":true,"href":"https:\/\/antiquariat-steinbach.com\/rarebooks\/wp-json\/wp\/v2\/product_cat?post=16054"},{"taxonomy":"product_tag","embeddable":true,"href":"https:\/\/antiquariat-steinbach.com\/rarebooks\/wp-json\/wp\/v2\/product_tag?post=16054"}],"curies":[{"name":"wp","href":"https:\/\/api.w.org\/{rel}","templated":true}]}}