{"id":15804,"date":"2026-03-12T00:20:15","date_gmt":"2026-03-11T23:20:15","guid":{"rendered":"https:\/\/antiquariat-steinbach.com\/rarebooks\/produkt\/raumfahrt-der-erste-mensch-im-weltraum-die-usa-haben-es-geschafft-glen-dreimal-um-die-erde\/"},"modified":"2026-03-12T00:20:16","modified_gmt":"2026-03-11T23:20:16","slug":"raumfahrt-der-erste-mensch-im-weltraum-die-usa-haben-es-geschafft-glen-dreimal-um-die-erde","status":"publish","type":"product","link":"https:\/\/antiquariat-steinbach.com\/rarebooks\/produkt\/raumfahrt-der-erste-mensch-im-weltraum-die-usa-haben-es-geschafft-glen-dreimal-um-die-erde\/","title":{"rendered":"Raumfahrt &#8211;   Der erste Mensch im Weltraum &#8211; Die USA haben es geschafft Glen dreimal um die Erde."},"content":{"rendered":"<p>Linz, Ober\u00f6sterreichische Nachrichten, 1961 &#8211; 1962.<\/p>\n<p>46 : 32 cm. Mit mehreren Abbildungen.<\/p>\n<p>20,00 EUR<\/p>\n","protected":false},"excerpt":{"rendered":"<p>\u00dcber die Fahrt es ersten Menschen Juri Gagarin in den Weltraum und John Glenn&#8217;s Erdumkreisung, mit jeweils ausf\u00fchrlichen Berichten \u00fcber das Ereignis. &#8211; In der Mitte gefaltet, papierbedingt etwas gebr\u00e4unt.<\/p>\n","protected":false},"featured_media":0,"template":"","meta":[],"product_brand":[],"product_cat":[29,75,77,267,914],"product_tag":[],"class_list":{"0":"post-15804","1":"product","2":"type-product","3":"status-publish","5":"product_cat-20-jahrhundert","6":"product_cat-aereonautik","7":"product_cat-technik","8":"product_cat-zeitungen-von","9":"product_cat-zvab","11":"first","12":"instock","13":"purchasable","14":"product-type-simple"},"_links":{"self":[{"href":"https:\/\/antiquariat-steinbach.com\/rarebooks\/wp-json\/wp\/v2\/product\/15804","targetHints":{"allow":["GET"]}}],"collection":[{"href":"https:\/\/antiquariat-steinbach.com\/rarebooks\/wp-json\/wp\/v2\/product"}],"about":[{"href":"https:\/\/antiquariat-steinbach.com\/rarebooks\/wp-json\/wp\/v2\/types\/product"}],"version-history":[{"count":2,"href":"https:\/\/antiquariat-steinbach.com\/rarebooks\/wp-json\/wp\/v2\/product\/15804\/revisions"}],"predecessor-version":[{"id":21301,"href":"https:\/\/antiquariat-steinbach.com\/rarebooks\/wp-json\/wp\/v2\/product\/15804\/revisions\/21301"}],"wp:attachment":[{"href":"https:\/\/antiquariat-steinbach.com\/rarebooks\/wp-json\/wp\/v2\/media?parent=15804"}],"wp:term":[{"taxonomy":"product_brand","embeddable":true,"href":"https:\/\/antiquariat-steinbach.com\/rarebooks\/wp-json\/wp\/v2\/product_brand?post=15804"},{"taxonomy":"product_cat","embeddable":true,"href":"https:\/\/antiquariat-steinbach.com\/rarebooks\/wp-json\/wp\/v2\/product_cat?post=15804"},{"taxonomy":"product_tag","embeddable":true,"href":"https:\/\/antiquariat-steinbach.com\/rarebooks\/wp-json\/wp\/v2\/product_tag?post=15804"}],"curies":[{"name":"wp","href":"https:\/\/api.w.org\/{rel}","templated":true}]}}