{"id":15589,"date":"2026-03-12T00:14:50","date_gmt":"2026-03-11T23:14:50","guid":{"rendered":"https:\/\/antiquariat-steinbach.com\/rarebooks\/produkt\/merimee-proper-le-carrosse-du-saint-sacrement-saynete\/"},"modified":"2026-03-12T00:14:52","modified_gmt":"2026-03-11T23:14:52","slug":"livres-illustre-merimee-proper-le-carrosse-du-saint-sacrement-saynete","status":"publish","type":"product","link":"https:\/\/antiquariat-steinbach.com\/rarebooks\/produkt\/livres-illustre-merimee-proper-le-carrosse-du-saint-sacrement-saynete\/","title":{"rendered":"Livres illustr\u00e9 &#8211;   M\u00e9rimee, Proper. &#8211;  Le Carrosse du Saint-Sacrement. Sayn\u00e8te."},"content":{"rendered":"<p>Paris, L&#8217;Arche, 1958.<\/p>\n<p>17,5 : 13,5 cm. 44 Seiten, 1 Blatt, 8 Tafeln mit Abbildungen. Original Leinenband.<\/p>\n<p>30,00 EUR<\/p>\n","protected":false},"excerpt":{"rendered":"<p>Illustr\u00e9 de photographies en noir et blanc reproduites en h\u00e9lio. &#8211;  Trente-deuxieme collection du R\u00e9pertoire du Th\u00e9\u00e0tre National Populaire.<\/p>\n","protected":false},"featured_media":0,"template":"","meta":[],"product_brand":[],"product_cat":[143,96,145,914],"product_tag":[],"class_list":{"0":"post-15589","1":"product","2":"type-product","3":"status-publish","5":"product_cat-francais","6":"product_cat-frankreich","7":"product_cat-theater","8":"product_cat-zvab","10":"first","11":"instock","12":"purchasable","13":"product-type-simple"},"_links":{"self":[{"href":"https:\/\/antiquariat-steinbach.com\/rarebooks\/wp-json\/wp\/v2\/product\/15589","targetHints":{"allow":["GET"]}}],"collection":[{"href":"https:\/\/antiquariat-steinbach.com\/rarebooks\/wp-json\/wp\/v2\/product"}],"about":[{"href":"https:\/\/antiquariat-steinbach.com\/rarebooks\/wp-json\/wp\/v2\/types\/product"}],"version-history":[{"count":3,"href":"https:\/\/antiquariat-steinbach.com\/rarebooks\/wp-json\/wp\/v2\/product\/15589\/revisions"}],"predecessor-version":[{"id":24595,"href":"https:\/\/antiquariat-steinbach.com\/rarebooks\/wp-json\/wp\/v2\/product\/15589\/revisions\/24595"}],"wp:attachment":[{"href":"https:\/\/antiquariat-steinbach.com\/rarebooks\/wp-json\/wp\/v2\/media?parent=15589"}],"wp:term":[{"taxonomy":"product_brand","embeddable":true,"href":"https:\/\/antiquariat-steinbach.com\/rarebooks\/wp-json\/wp\/v2\/product_brand?post=15589"},{"taxonomy":"product_cat","embeddable":true,"href":"https:\/\/antiquariat-steinbach.com\/rarebooks\/wp-json\/wp\/v2\/product_cat?post=15589"},{"taxonomy":"product_tag","embeddable":true,"href":"https:\/\/antiquariat-steinbach.com\/rarebooks\/wp-json\/wp\/v2\/product_tag?post=15589"}],"curies":[{"name":"wp","href":"https:\/\/api.w.org\/{rel}","templated":true}]}}