{"id":1547,"date":"2026-03-12T00:02:59","date_gmt":"2026-03-11T23:02:59","guid":{"rendered":"http:\/\/antiquariat-steinbach.com\/rarebooks\/produkt\/don-quijote-illustriert-von-eberhard-schlotter\/"},"modified":"2026-03-12T00:02:59","modified_gmt":"2026-03-11T23:02:59","slug":"cervantes-cervantes-saavedra-miguel-de-don-quijote-illustriert-von-eberhard-schlotter","status":"publish","type":"product","link":"https:\/\/antiquariat-steinbach.com\/rarebooks\/produkt\/cervantes-cervantes-saavedra-miguel-de-don-quijote-illustriert-von-eberhard-schlotter\/","title":{"rendered":"Cervantes &#8211;   Cervantes Saavedra, Miguel de: &#8211;  Don Quijote illustriert von Eberhard Schlotter."},"content":{"rendered":"<p>(Hofheim, St\u00fcbler) 1982.<\/p>\n<p>23 : 22 cm. Con 186 l\u00e1minas e ilustraci\u00f3nes en parte en color de Eberhard Schlotter. Cartone original ilustrado en colores.<\/p>\n<p>50,00 EUR<\/p>\n","protected":false},"excerpt":{"rendered":"<p>Todas las ilustraci\u00f3nes estan reproducidas en este catalogo. Textos en Espa\u00f1ol, Ingles, Frances y Aleman. Con la hoja de invitaci\u00f3n.<\/p>\n","protected":false},"featured_media":0,"template":"","meta":[],"product_brand":[],"product_cat":[29,371,148,914],"product_tag":[],"class_list":{"0":"post-1547","1":"product","2":"type-product","3":"status-publish","5":"product_cat-20-jahrhundert","6":"product_cat-quichote","7":"product_cat-spanien","8":"product_cat-zvab","10":"first","11":"instock","12":"purchasable","13":"product-type-simple"},"_links":{"self":[{"href":"https:\/\/antiquariat-steinbach.com\/rarebooks\/wp-json\/wp\/v2\/product\/1547","targetHints":{"allow":["GET"]}}],"collection":[{"href":"https:\/\/antiquariat-steinbach.com\/rarebooks\/wp-json\/wp\/v2\/product"}],"about":[{"href":"https:\/\/antiquariat-steinbach.com\/rarebooks\/wp-json\/wp\/v2\/types\/product"}],"version-history":[{"count":3,"href":"https:\/\/antiquariat-steinbach.com\/rarebooks\/wp-json\/wp\/v2\/product\/1547\/revisions"}],"predecessor-version":[{"id":18912,"href":"https:\/\/antiquariat-steinbach.com\/rarebooks\/wp-json\/wp\/v2\/product\/1547\/revisions\/18912"}],"wp:attachment":[{"href":"https:\/\/antiquariat-steinbach.com\/rarebooks\/wp-json\/wp\/v2\/media?parent=1547"}],"wp:term":[{"taxonomy":"product_brand","embeddable":true,"href":"https:\/\/antiquariat-steinbach.com\/rarebooks\/wp-json\/wp\/v2\/product_brand?post=1547"},{"taxonomy":"product_cat","embeddable":true,"href":"https:\/\/antiquariat-steinbach.com\/rarebooks\/wp-json\/wp\/v2\/product_cat?post=1547"},{"taxonomy":"product_tag","embeddable":true,"href":"https:\/\/antiquariat-steinbach.com\/rarebooks\/wp-json\/wp\/v2\/product_tag?post=1547"}],"curies":[{"name":"wp","href":"https:\/\/api.w.org\/{rel}","templated":true}]}}