{"id":15445,"date":"2026-03-12T00:08:48","date_gmt":"2026-03-11T23:08:48","guid":{"rendered":"https:\/\/antiquariat-steinbach.com\/rarebooks\/produkt\/hampel-friedrich-j-kochrezepte-mit-besonderer-beruecksichtigung-der-einfachen-und-auch-feinen-wiener-kueche\/"},"modified":"2026-03-12T00:08:50","modified_gmt":"2026-03-11T23:08:50","slug":"hampel-friedrich-j-kochrezepte-mit-besonderer-beruecksichtigung-der-einfachen-und-auch-feinen-wiener-kueche","status":"publish","type":"product","link":"https:\/\/antiquariat-steinbach.com\/rarebooks\/produkt\/hampel-friedrich-j-kochrezepte-mit-besonderer-beruecksichtigung-der-einfachen-und-auch-feinen-wiener-kueche\/","title":{"rendered":"Hampel, Friedrich J. &#8211;  Kochrezepte. Mit besonderer Ber\u00fccksichtigung der einfachen und auch feinen Wiener K\u00fcche."},"content":{"rendered":"<p>Wien, Steyrerm\u00fchl,  1925 &#8211; 1926,<\/p>\n<p>4 B\u00e4nde. 19 : 12 cm. Typografisch bedruckte Original Umschl\u00e4ge.<\/p>\n<p>75,00 EUR<\/p>\n","protected":false},"excerpt":{"rendered":"<p>Enth\u00e4lt: Teil 1: Mehlspeisen und S\u00fcsspeisen &#8211; Teil 2: Gem\u00fcsespeisen, Beilagen und Garnituren &#8211; Teil 3: Suppen, Suppeneinlagen und So\u00dfen. &#8211; Teil 4: Fleischspeisen. &#8211; Hampel war Hofkoch der kaierlich k\u00f6niglichen Hofmundk\u00fcche in Wien. &#8211; Tagblatt-Bibliothek Nr 50\/51, 154\/155, 276\/277, 327\/332. &#8211; Einb\u00e4nde st\u00e4rker beriebenund bestossen; papierbedingt gering gebr\u00e4unt.<\/p>\n","protected":false},"featured_media":0,"template":"","meta":[],"product_brand":[],"product_cat":[58,112,193,90,914],"product_tag":[],"class_list":{"0":"post-15445","1":"product","2":"type-product","3":"status-publish","5":"product_cat-gastronomie","6":"product_cat-kochbuecher","7":"product_cat-konditorei","8":"product_cat-viennensia","9":"product_cat-zvab","11":"first","12":"instock","13":"purchasable","14":"product-type-simple"},"_links":{"self":[{"href":"https:\/\/antiquariat-steinbach.com\/rarebooks\/wp-json\/wp\/v2\/product\/15445","targetHints":{"allow":["GET"]}}],"collection":[{"href":"https:\/\/antiquariat-steinbach.com\/rarebooks\/wp-json\/wp\/v2\/product"}],"about":[{"href":"https:\/\/antiquariat-steinbach.com\/rarebooks\/wp-json\/wp\/v2\/types\/product"}],"version-history":[{"count":2,"href":"https:\/\/antiquariat-steinbach.com\/rarebooks\/wp-json\/wp\/v2\/product\/15445\/revisions"}],"predecessor-version":[{"id":19723,"href":"https:\/\/antiquariat-steinbach.com\/rarebooks\/wp-json\/wp\/v2\/product\/15445\/revisions\/19723"}],"wp:attachment":[{"href":"https:\/\/antiquariat-steinbach.com\/rarebooks\/wp-json\/wp\/v2\/media?parent=15445"}],"wp:term":[{"taxonomy":"product_brand","embeddable":true,"href":"https:\/\/antiquariat-steinbach.com\/rarebooks\/wp-json\/wp\/v2\/product_brand?post=15445"},{"taxonomy":"product_cat","embeddable":true,"href":"https:\/\/antiquariat-steinbach.com\/rarebooks\/wp-json\/wp\/v2\/product_cat?post=15445"},{"taxonomy":"product_tag","embeddable":true,"href":"https:\/\/antiquariat-steinbach.com\/rarebooks\/wp-json\/wp\/v2\/product_tag?post=15445"}],"curies":[{"name":"wp","href":"https:\/\/api.w.org\/{rel}","templated":true}]}}