{"id":15366,"date":"2026-03-12T00:04:39","date_gmt":"2026-03-11T23:04:39","guid":{"rendered":"https:\/\/antiquariat-steinbach.com\/rarebooks\/produkt\/die-bibliophilen-taschenbuecher\/"},"modified":"2026-03-12T00:04:39","modified_gmt":"2026-03-11T23:04:39","slug":"die-bibliophilen-taschenbuecher","status":"publish","type":"product","link":"https:\/\/antiquariat-steinbach.com\/rarebooks\/produkt\/die-bibliophilen-taschenbuecher\/","title":{"rendered":"Die bibliophilen Taschenb\u00fccher."},"content":{"rendered":"<p>Dortmund, Harenberg, 1075-1990.<\/p>\n<p>4 B\u00e4nde der Reihe. 17,5 : 12 cm. Mit vielen teils farbigen Tafeln und Abbildungen. Illustrierter Original-Karton.<\/p>\n<p>48,00 EUR<\/p>\n","protected":false},"excerpt":{"rendered":"<p>Vorhanden sind: Band 8: Bildergalerien weltlicher Missbr\u00e4uche &#8211; Band 110: Sch\u00f6nbornschl\u00f6sser &#8211; Band 576: Der Matrosenanzug &#8211; Band 591: German Design.<\/p>\n","protected":false},"featured_media":0,"template":"","meta":[],"product_brand":[],"product_cat":[48,198,93,55,290,914],"product_tag":[],"class_list":{"0":"post-15366","1":"product","2":"type-product","3":"status-publish","5":"product_cat-architektur","6":"product_cat-bibliohpilie","7":"product_cat-design","8":"product_cat-fashion","9":"product_cat-theolgie","10":"product_cat-zvab","12":"first","13":"instock","14":"purchasable","15":"product-type-simple"},"_links":{"self":[{"href":"https:\/\/antiquariat-steinbach.com\/rarebooks\/wp-json\/wp\/v2\/product\/15366","targetHints":{"allow":["GET"]}}],"collection":[{"href":"https:\/\/antiquariat-steinbach.com\/rarebooks\/wp-json\/wp\/v2\/product"}],"about":[{"href":"https:\/\/antiquariat-steinbach.com\/rarebooks\/wp-json\/wp\/v2\/types\/product"}],"version-history":[{"count":1,"href":"https:\/\/antiquariat-steinbach.com\/rarebooks\/wp-json\/wp\/v2\/product\/15366\/revisions"}],"predecessor-version":[{"id":15367,"href":"https:\/\/antiquariat-steinbach.com\/rarebooks\/wp-json\/wp\/v2\/product\/15366\/revisions\/15367"}],"wp:attachment":[{"href":"https:\/\/antiquariat-steinbach.com\/rarebooks\/wp-json\/wp\/v2\/media?parent=15366"}],"wp:term":[{"taxonomy":"product_brand","embeddable":true,"href":"https:\/\/antiquariat-steinbach.com\/rarebooks\/wp-json\/wp\/v2\/product_brand?post=15366"},{"taxonomy":"product_cat","embeddable":true,"href":"https:\/\/antiquariat-steinbach.com\/rarebooks\/wp-json\/wp\/v2\/product_cat?post=15366"},{"taxonomy":"product_tag","embeddable":true,"href":"https:\/\/antiquariat-steinbach.com\/rarebooks\/wp-json\/wp\/v2\/product_tag?post=15366"}],"curies":[{"name":"wp","href":"https:\/\/api.w.org\/{rel}","templated":true}]}}