{"id":15262,"date":"2026-03-12T00:00:44","date_gmt":"2026-03-11T23:00:44","guid":{"rendered":"https:\/\/antiquariat-steinbach.com\/rarebooks\/produkt\/attersee-christian-ludwig-bilder-fuer-die-hausfrau-kueche-und-herrenzimmer\/"},"modified":"2026-03-12T00:00:45","modified_gmt":"2026-03-11T23:00:45","slug":"attersee-christian-ludwig-bilder-fuer-die-hausfrau-kueche-und-herrenzimmer","status":"publish","type":"product","link":"https:\/\/antiquariat-steinbach.com\/rarebooks\/produkt\/attersee-christian-ludwig-bilder-fuer-die-hausfrau-kueche-und-herrenzimmer\/","title":{"rendered":"Attersee, Christian Ludwig. &#8211;  Bilder f\u00fcr die Hausfrau, K\u00fcche und Herrenzimmer."},"content":{"rendered":"<p>Wien, Galerie im Griechenbeisel, 1967.<\/p>\n<p>60 : 41 cm. Farbiges Plakat.<\/p>\n<p>150,00 EUR<\/p>\n","protected":false},"excerpt":{"rendered":"<p>Sehr sch\u00f6nes Plakat, gleichzeitig ein Dokument von Attersee&#8217;s erster Ausstellung in Wien. Davor hatte er nur eine Ausstelung in der Berliner Galerie Katz mit dem Objekt Vagina). Das Plakat in blau und schwarz zeigt f\u00fcnf Bilder des K\u00fcnstlers: Atteresse im spiegeleih\u00f6schen und der prothese A aus seinem prothesenalphabet vor dem Bild DAS S\u00dcSESTE VOM S\u00dcSSEN und je ein Bild von Hundertwasser und Rainer, gemalt von Attersee. &#8211; Rechts oben mit winzigen Einri\u00df, sonst tadellos.<\/p>\n","protected":false},"featured_media":15264,"template":"","meta":[],"product_brand":[],"product_cat":[317,88,328,914],"product_tag":[],"class_list":{"0":"post-15262","1":"product","2":"type-product","3":"status-publish","4":"has-post-thumbnail","6":"product_cat-kuenstlergraphik","7":"product_cat-plakate","8":"product_cat-wiener-aktionismus","9":"product_cat-zvab","11":"first","12":"instock","13":"purchasable","14":"product-type-simple"},"_links":{"self":[{"href":"https:\/\/antiquariat-steinbach.com\/rarebooks\/wp-json\/wp\/v2\/product\/15262","targetHints":{"allow":["GET"]}}],"collection":[{"href":"https:\/\/antiquariat-steinbach.com\/rarebooks\/wp-json\/wp\/v2\/product"}],"about":[{"href":"https:\/\/antiquariat-steinbach.com\/rarebooks\/wp-json\/wp\/v2\/types\/product"}],"version-history":[{"count":2,"href":"https:\/\/antiquariat-steinbach.com\/rarebooks\/wp-json\/wp\/v2\/product\/15262\/revisions"}],"predecessor-version":[{"id":18511,"href":"https:\/\/antiquariat-steinbach.com\/rarebooks\/wp-json\/wp\/v2\/product\/15262\/revisions\/18511"}],"wp:featuredmedia":[{"embeddable":true,"href":"https:\/\/antiquariat-steinbach.com\/rarebooks\/wp-json\/wp\/v2\/media\/15264"}],"wp:attachment":[{"href":"https:\/\/antiquariat-steinbach.com\/rarebooks\/wp-json\/wp\/v2\/media?parent=15262"}],"wp:term":[{"taxonomy":"product_brand","embeddable":true,"href":"https:\/\/antiquariat-steinbach.com\/rarebooks\/wp-json\/wp\/v2\/product_brand?post=15262"},{"taxonomy":"product_cat","embeddable":true,"href":"https:\/\/antiquariat-steinbach.com\/rarebooks\/wp-json\/wp\/v2\/product_cat?post=15262"},{"taxonomy":"product_tag","embeddable":true,"href":"https:\/\/antiquariat-steinbach.com\/rarebooks\/wp-json\/wp\/v2\/product_tag?post=15262"}],"curies":[{"name":"wp","href":"https:\/\/api.w.org\/{rel}","templated":true}]}}