{"id":1463,"date":"2026-03-12T00:02:43","date_gmt":"2026-03-11T23:02:43","guid":{"rendered":"http:\/\/antiquariat-steinbach.com\/rarebooks\/produkt\/des-ritters-carl-von-linne-vollstaendiges-natursystem-der-insecten-nach-der-zwoelften-lateinischen-ausgabe-und-nach-anleitung-des-hollaendischen-houttuynischen-werks-mit-einer-ausfuehrlichen-erklaerun\/"},"modified":"2026-03-12T00:02:45","modified_gmt":"2026-03-11T23:02:45","slug":"bugs-mueller-philipp-ludwig-statius-des-ritters-carl-von-linne-vollstaendiges-natursystem-der-insecten-nach-der-zwoelften-lateinischen-ausgabe-und-nach-anleitung-des-hollaendischen-houttuynis","status":"publish","type":"product","link":"https:\/\/antiquariat-steinbach.com\/rarebooks\/produkt\/bugs-mueller-philipp-ludwig-statius-des-ritters-carl-von-linne-vollstaendiges-natursystem-der-insecten-nach-der-zwoelften-lateinischen-ausgabe-und-nach-anleitung-des-hollaendischen-houttuynis\/","title":{"rendered":"Bugs &#8211;   M\u00fcller, Philipp Ludwig Statius. &#8211;  Des Ritters Carl von Linne vollst\u00e4ndiges Natursystem der Insecten nach der zw\u00f6lften lateinischen Ausgabe und nach Anleitung des holl\u00e4ndischen Houttuynischen Werks mit einer ausf\u00fchrlichen Erkl\u00e4rung ausgefertigt."},"content":{"rendered":"<p>N\u00fcrnberg, Raspe 1774.<\/p>\n<p>Volume 1. 20,5 : 12,5 cm. 8 leaves, 758 pages.  With 22 mnayfolded engraved plates. Contemporary calf, spine richly gilt, back label.<\/p>\n<p>480,00 EUR<\/p>\n","protected":false},"excerpt":{"rendered":"<p>The complete volume about bugs. The plates show detailled different typs of insects. &#8211; Linne&#8216; vollst\u00e4ndiges Natursystem, part 5: Von den Insecten. &#8211; The other volumes treat about other kind of animals. &#8211; Binding a bit rubbed. &#8211; Nissen, ZBI 2012.<\/p>\n","protected":false},"featured_media":14266,"template":"","meta":[],"product_brand":[],"product_cat":[82,98,914],"product_tag":[],"class_list":{"0":"post-1463","1":"product","2":"type-product","3":"status-publish","4":"has-post-thumbnail","6":"product_cat-naturwissenschaften","7":"product_cat-zoologie","8":"product_cat-zvab","10":"first","11":"instock","12":"purchasable","13":"product-type-simple"},"_links":{"self":[{"href":"https:\/\/antiquariat-steinbach.com\/rarebooks\/wp-json\/wp\/v2\/product\/1463","targetHints":{"allow":["GET"]}}],"collection":[{"href":"https:\/\/antiquariat-steinbach.com\/rarebooks\/wp-json\/wp\/v2\/product"}],"about":[{"href":"https:\/\/antiquariat-steinbach.com\/rarebooks\/wp-json\/wp\/v2\/types\/product"}],"version-history":[{"count":3,"href":"https:\/\/antiquariat-steinbach.com\/rarebooks\/wp-json\/wp\/v2\/product\/1463\/revisions"}],"predecessor-version":[{"id":18870,"href":"https:\/\/antiquariat-steinbach.com\/rarebooks\/wp-json\/wp\/v2\/product\/1463\/revisions\/18870"}],"wp:featuredmedia":[{"embeddable":true,"href":"https:\/\/antiquariat-steinbach.com\/rarebooks\/wp-json\/wp\/v2\/media\/14266"}],"wp:attachment":[{"href":"https:\/\/antiquariat-steinbach.com\/rarebooks\/wp-json\/wp\/v2\/media?parent=1463"}],"wp:term":[{"taxonomy":"product_brand","embeddable":true,"href":"https:\/\/antiquariat-steinbach.com\/rarebooks\/wp-json\/wp\/v2\/product_brand?post=1463"},{"taxonomy":"product_cat","embeddable":true,"href":"https:\/\/antiquariat-steinbach.com\/rarebooks\/wp-json\/wp\/v2\/product_cat?post=1463"},{"taxonomy":"product_tag","embeddable":true,"href":"https:\/\/antiquariat-steinbach.com\/rarebooks\/wp-json\/wp\/v2\/product_tag?post=1463"}],"curies":[{"name":"wp","href":"https:\/\/api.w.org\/{rel}","templated":true}]}}